000
CXUS52 TJSJ 180453
CF6JSJ
PRELIMINARY LOCAL CLIMATOLOGICAL DATA (WS FORM: F-6)

                                          STATION:   SAN JUAN AREA/PR
                                          MONTH:     APRIL
                                          YEAR:      2015
                                          LATITUDE:   18 25 N
                                          LONGITUDE:  66  0 W

  TEMPERATURE IN F:       :PCPN:    SNOW:  WIND      :SUNSHINE: SKY     :PK WND
================================================================================
1   2   3   4   5  6A  6B    7    8   9   10  11  12  13   14  15   16   17  18
                                     12Z  AVG MX 2MIN
DY MAX MIN AVG DEP HDD CDD  WTR  SNW DPTH SPD SPD DIR MIN PSBL S-S WX    SPD DR
================================================================================

 1  86  72  79  -1   0  14 0.01  0.0    0  8.4 23  60   M    M   4        28  70
 2  86  75  81   1   0  16    T  0.0    0  9.6 21  70   M    M   5        25  70
 3  86  76  81   1   0  16    T  0.0    0 13.8 25  80   M    M   5        32  90
 4  86  72  79  -1   0  14    T  0.0    0 10.0 21  50   M    M   4        25  60
 5  85  73  79  -1   0  14    T  0.0    0  6.4 17  70   M    M   4        22  70
 6  86  73  80   0   0  15 0.29  0.0    0  8.7 22  70   M    M   M        25  70
 7  86  75  81   1   0  16    T  0.0    0 10.8 22  70   M    M   4 8      26  80
 8  86  73  80   0   0  15 0.07  0.0    0 13.2 23  70   M    M   5 1      32  90
 9  86  74  80   0   0  15 0.17  0.0    0 10.6 22  70   M    M   4 1      31  90
10  85  74  80   0   0  15 0.46  0.0    0 10.6 23  70   M    M   6 1      31  70
11  86  73  80   0   0  15 0.01  0.0    0 11.0 23  60   M    M   4 1      30  60
12  86  75  81   1   0  16 0.02  0.0    0 11.1 24  60   M    M   4 1      29  60
13  85  75  80   0   0  15 0.10  0.0    0 11.2 24  80   M    M   5 1      30  90
14  84  74  79  -1   0  14 0.05  0.0    0  9.4 20  70   M    M   5 1      29  80
15  84  74  79  -1   0  14 0.09  0.0    0 11.0 24  80   M    M   4        30  60
16  85  74  80   0   0  15 0.00    M    0  9.6 18  70   M    M   3        22  60
17  83  75  79  -1   0  14 0.11    M    M 12.2 25  70   M    M   4 1      30  80
================================================================================
SM 1451 1257         0 253  1.38     0.0 177.6          M       70
================================================================================
AV 85.4 73.9                              10.4 FASTST   M    M   4    MAX(MPH)
                                 MISC ---->  # 25  80               # 32   90
================================================================================
NOTES:
# LAST OF SEVERAL OCCURRENCES

COLUMN 17 PEAK WIND IN M.P.H.

PRELIMINARY LOCAL CLIMATOLOGICAL DATA (WS FORM: F-6) , PAGE 2

                                          STATION:  SAN JUAN AREA/PR
                                          MONTH:    APRIL
                                          YEAR:     2015
                                          LATITUDE:   18 25 N
                                          LONGITUDE:  66  0 W

[TEMPERATURE DATA]      [PRECIPITATION DATA]       SYMBOLS USED IN COLUMN 16

AVERAGE MONTHLY: 79.6   TOTAL FOR MONTH:   1.38    1 = FOG OR MIST
DPTR FM NORMAL:  -0.4   DPTR FM NORMAL:   -0.89    2 = FOG REDUCING VISIBILITY
HIGHEST:    86 ON 12,11 GRTST 24HR  0.48 ON  9-10      TO 1/4 MILE OR LESS
LOWEST:     72 ON  4, 1                            3 = THUNDER
                        SNOW, ICE PELLETS, HAIL    4 = ICE PELLETS
                        TOTAL MONTH:   0.0 INCH    5 = HAIL
                        GRTST 24HR     0.0         6 = FREEZING RAIN OR DRIZZLE
                        GRTST DEPTH:   0           7 = DUSTSTORM OR SANDSTORM:
                                                       VSBY 1/2 MILE OR LESS
                                                   8 = SMOKE OR HAZE
[NO. OF DAYS WITH]      [WEATHER - DAYS WITH]      9 = BLOWING SNOW
                                                   X = TORNADO
MAX 32 OR BELOW:   0    0.01 INCH OR MORE:  11
MAX 90 OR ABOVE:   0    0.10 INCH OR MORE:   5
MIN 32 OR BELOW:   0    0.50 INCH OR MORE:   0
MIN  0 OR BELOW:   0    1.00 INCH OR MORE:   0

[HDD (BASE 65) ]
TOTAL THIS MO.     0    CLEAR  (SCALE 0-3)   1
DPTR FM NORMAL     0    PTCLDY (SCALE 4-7)  15
TOTAL FM JUL 1     0    CLOUDY (SCALE 8-10)  0
DPTR FM NORMAL     0

[CDD (BASE 65) ]
TOTAL THIS MO.   253
DPTR FM NORMAL    -2    [PRESSURE DATA]
TOTAL FM JAN 1  1525    HIGHEST SLP M ON M
DPTR FM NORMAL    88    LOWEST  SLP 29.92 ON  5

[REMARKS]
