000
CXUS54 KLZK 181218
CF6MEZ
PRELIMINARY LOCAL CLIMATOLOGICAL DATA (WS FORM: F-6)

                                          STATION:   Mena Airport
                                          MONTH:     FEBRUARY
                                          YEAR:      2015
                                          LATITUDE:   34  9 N
                                          LONGITUDE:  94 15 W

  TEMPERATURE IN F:       :PCPN:    SNOW:  WIND      :SUNSHINE: SKY     :PK WND
================================================================================
1   2   3   4   5  6A  6B    7    8   9   10  11  12  13   14  15   16   17  18
                                     12Z  AVG MX 2MIN
DY MAX MIN AVG DEP HDD CDD  WTR  SNW DPTH SPD SPD DIR MIN PSBL S-S WX    SPD DR
================================================================================

 1  55  30  43   3  22   0 0.33    M    M 13.2 23 290   M    M  10        36 290
 2  43  21  32  -8  33   0 0.00    M    M  4.6 14 300   M    M   0        25 300
 3  55  27  41   1  24   0 0.00    M    M  2.1  7 190   M    M   0         M  M
 4  63  36  50  10  15   0 0.00    M    M  4.1 10 360   M    M   6        16 360
 5  48  32  40   0  25   0 0.00    M    M  4.9  9  80   M    M   5        17  20
 6  54  32  43   2  22   0 0.00    M    M  3.5 12 260   M    M   6        18 260
 7  64  45  55  14  10   0 0.00    M    M  7.9 12 210   M    M   3        23 210
 8  68  46  57  16   8   0 0.00    M    M  5.6  9 280   M    M   5        16 220
 9  70  41  56  15   9   0 0.00    M    M  4.3 10  10   M    M   0        18 340
10  64  34  49   8  16   0 0.00    M    M  3.1  7  60   M    M   1         M  M
11  63  34  49   7  16   0 0.00    M    M  3.3 10 350   M    M   2        16 340
12  50  32  41  -1  24   0 0.00    M    M  4.8 13  30   M    M   1         M  M
13  52  30  41  -1  24   0 0.00    M    M  2.3  7 240   M    M   0         M  M
14  75  30  53  11  12   0 0.00    M    M  4.7 10 280   M    M   0        18 280
15  52  32  42   0  23   0 0.20    M    M  9.7 15  90   M    M   5        18  90
16  34  27  31 -12  34   0 0.61    M    M  1.1  6  70   M    M  10         M  M
17  41  23  32 -11  33   0 0.01    M    M  1.4  8 310   M    M   3         M  M
18  41  28  35  -8  30   0 0.00    M    M  8.1 13 300   M    M   3        23 300
19  46  23  35  -8  30   0 0.00    M    M  3.3  8  60   M    M   3         M  M
20  37  32  35  -9  30   0 0.01    M    M  4.7  9  80   M    M  10         M  M
21  63  36  50   6  15   0 0.03    M    M  5.8 13 180   M    M   7        20 180
22  41  32  37  -7  28   0 0.00    M    M  7.1 15  60   M    M   8        20  40
23  32  27  30 -14  35   0 0.00    M    M  0.0  M   M   M    M  10         M  M
24  41  27  34 -11  31   0 0.02    M    M  1.9  7 280   M    M   6         M  M
25  41  30  36  -9  29   0 0.01    M    M  0.9  8 280   M    M   6         M  M
26  36  28  32 -13  33   0 0.00    M    M  7.7 15 330   M    M   4        23 330
27  30  21  26 -20  39   0 0.00    M    M  7.3 16  80   M    M   6        18  80
28  34  25  30 -16  35   0 0.00    M    M  5.9  8  40   M    M  10         M  M
================================================================================
SM 1393  861       685   0  1.22    M    133.3          M      130
================================================================================
AV 49.8 30.8                               4.8 FASTST   M    M   5    MAX(MPH)
                                 MISC ---->  # 23 290                 36    M
================================================================================
NOTES:
# LAST OF SEVERAL OCCURRENCES

COLUMN 17 PEAK WIND IN M.P.H.

PRELIMINARY LOCAL CLIMATOLOGICAL DATA (WS FORM: F-6) , PAGE 2

                                          STATION:  Mena Airport
                                          MONTH:    FEBRUARY
                                          YEAR:     2015
                                          LATITUDE:   34  9 N
                                          LONGITUDE:  94 15 W

[TEMPERATURE DATA]      [PRECIPITATION DATA]       SYMBOLS USED IN COLUMN 16

AVERAGE MONTHLY: 40.2   TOTAL FOR MONTH:   1.22    1 = FOG OR MIST
DPTR FM NORMAL:  -2.2   DPTR FM NORMAL:   -2.73    2 = FOG REDUCING VISIBILITY
HIGHEST:    75 ON 14    GRTST 24HR  0.61 ON 16-16      TO 1/4 MILE OR LESS
LOWEST:     21 ON 27, 2                            3 = THUNDER
                        SNOW, ICE PELLETS, HAIL    4 = ICE PELLETS
                        TOTAL MONTH:    M          5 = HAIL
                        GRTST 24HR    M  ON   M    6 = FREEZING RAIN OR DRIZZLE
                        GRTST DEPTH:  M  ON   M    7 = DUSTSTORM OR SANDSTORM:
                                                       VSBY 1/2 MILE OR LESS
                                                   8 = SMOKE OR HAZE
[NO. OF DAYS WITH]      [WEATHER - DAYS WITH]      9 = BLOWING SNOW
                                                   X = TORNADO
MAX 32 OR BELOW:   2    0.01 INCH OR MORE:   8
MAX 90 OR ABOVE:   0    0.10 INCH OR MORE:   3
MIN 32 OR BELOW:  21    0.50 INCH OR MORE:   1
MIN  0 OR BELOW:   0    1.00 INCH OR MORE:   0

[HDD (BASE 65) ]
TOTAL THIS MO.   685    CLEAR  (SCALE 0-3)   9
DPTR FM NORMAL    55    PTCLDY (SCALE 4-7)  13
TOTAL FM JUL 1  2548    CLOUDY (SCALE 8-10)  6
DPTR FM NORMAL  -338

[CDD (BASE 65) ]
TOTAL THIS MO.     0
DPTR FM NORMAL     0    [PRESSURE DATA]
TOTAL FM JAN 1     0    HIGHEST SLP M ON M
DPTR FM NORMAL     0    LOWEST  SLP M ON M

[REMARKS]
#FINAL-02-15#
