000
CXUS55 KEAX 280736
CF6MKC
PRELIMINARY LOCAL CLIMATOLOGICAL DATA (WS FORM: F-6)

                                          STATION:   Downtown Kansas City MO
                                          MONTH:     APRIL
                                          YEAR:      2015
                                          LATITUDE:   39  7 N
                                          LONGITUDE:  94 36 W

  TEMPERATURE IN F:       :PCPN:    SNOW:  WIND      :SUNSHINE: SKY     :PK WND
================================================================================
1   2   3   4   5  6A  6B    7    8   9   10  11  12  13   14  15   16   17  18
                                     12Z  AVG MX 2MIN
DY MAX MIN AVG DEP HDD CDD  WTR  SNW DPTH SPD SPD DIR MIN PSBL S-S WX    SPD DR
================================================================================

 1  82  54  68  16   0   3 0.00    M    M 12.4 29 180   M    M   1        36 180
 2  72  57  65  13   0   0 0.74    M    M  9.7 22  20   M    M   6 13     27  30
 3  60  40  50  -2  15   0 0.07    M    M 13.0 25 290   M    M   6 3      34 290
 4  64  31  48  -5  17   0 0.00    M    M  9.0 18 200   M    M   0        24 220
 5  68  46  57   4   8   0    T    M    M 12.9 23 190   M    M   3 1      31 210
 6  63  51  57   4   8   0 0.00    M    M  7.3 14 170   M    M  10 18     18 180
 7  86  56  71  17   0   6 0.00    M    M  9.6 17 320   M    M   7 13     25 330
 8  78  53  66  12   0   1    T    M    M  9.4 26 190   M    M   7 138    33 190
 9  80  43  62   8   3   0    T    M    M 15.7 32 260   M    M   8 3      43 240
10  71  42  57   2   8   0 0.00    M    M  7.8 17 290   M    M   0        29 270
11  74  50  62   7   3   0 0.00    M    M  7.8 20 200   M    M   1        25 200
12  70  54  62   6   3   0 0.75    M    M 10.2 33 130   M    M   7 13     47 130
13  67  55  61   5   4   0 0.43    M    M  9.6 23  30   M    M   1 13     30  30
14  71  50  61   5   4   0    T    M    M  9.0 22  80   M    M   2        26  70
15  62  51  57   1   8   0    T    M    M  8.5 22 120   M    M  10        31 120
16  78  51  65   8   0   0 0.00    M    M  2.3 10 130   M    M   3 1      14 130
17  79  55  67  10   0   2    T    M    M  4.3 15 190   M    M   3        20 180
18  66  60  63   5   2   0 0.52    M    M  4.7 20 260   M    M   6 13     24 250
19  69  51  60   2   5   0 0.15    M    M 10.5 23 310   M    M   8 12     31 320
20  60  46  53  -5  12   0 0.00    M    M 11.7 25 290   M    M   3        35 290
21  70  44  57  -1   8   0 0.00    M    M  9.0 25  10   M    M   3        33  10
22  60  39  50  -9  15   0 0.00    M    M  5.5 14  10   M    M   1        24 320
23  68  42  55  -4  10   0 0.00    M    M  5.6 16 180   M    M   4        26 210
24  66  55  61   1   4   0 0.02    M    M 10.3 22 180   M    M  10 3      29 190
25  66  51  59  -1   6   0 0.28    M    M  8.9 17  10   M    M   9 13     25 150
26  64  49  57  -3   8   0    M    M    M 11.5 20  80   M    M   6 1      26  60
27  68  45  57  -3   8   0    T    M    M  7.3 20  50   M    M   0        26  30
================================================================================
SM 1882 1321       159  12  2.96    M    243.5          M      125
================================================================================
AV 69.7 48.9                               9.0 FASTST   M    M   5    MAX(MPH)
                                 MISC ---->  # 33 130               # 47  130
================================================================================
NOTES:
# LAST OF SEVERAL OCCURRENCES

COLUMN 17 PEAK WIND IN M.P.H.

PRELIMINARY LOCAL CLIMATOLOGICAL DATA (WS FORM: F-6) , PAGE 2

                                          STATION:  Downtown Kansas City MO
                                          MONTH:    APRIL
                                          YEAR:     2015
                                          LATITUDE:   39  7 N
                                          LONGITUDE:  94 36 W

[TEMPERATURE DATA]      [PRECIPITATION DATA]       SYMBOLS USED IN COLUMN 16

AVERAGE MONTHLY: 59.3   TOTAL FOR MONTH:   2.96    1 = FOG OR MIST
DPTR FM NORMAL:   3.2   DPTR FM NORMAL:   -0.30    2 = FOG REDUCING VISIBILITY
HIGHEST:    86 ON  7    GRTST 24HR  1.18 ON 12-13      TO 1/4 MILE OR LESS
LOWEST:     31 ON  4                               3 = THUNDER
                        SNOW, ICE PELLETS, HAIL    4 = ICE PELLETS
                        TOTAL MONTH:    M          5 = HAIL
                        GRTST 24HR    M  ON   M    6 = FREEZING RAIN OR DRIZZLE
                        GRTST DEPTH:  M  ON   M    7 = DUSTSTORM OR SANDSTORM:
                                                       VSBY 1/2 MILE OR LESS
                                                   8 = SMOKE OR HAZE
[NO. OF DAYS WITH]      [WEATHER - DAYS WITH]      9 = BLOWING SNOW
                                                   X = TORNADO
MAX 32 OR BELOW:   0    0.01 INCH OR MORE:   8
MAX 90 OR ABOVE:   0    0.10 INCH OR MORE:   6
MIN 32 OR BELOW:   1    0.50 INCH OR MORE:   3
MIN  0 OR BELOW:   0    1.00 INCH OR MORE:   0

[HDD (BASE 65) ]
TOTAL THIS MO.   159    CLEAR  (SCALE 0-3)  12
DPTR FM NORMAL  -108    PTCLDY (SCALE 4-7)  11
TOTAL FM JUL 1  4442    CLOUDY (SCALE 8-10)  4
DPTR FM NORMAL  -148

[CDD (BASE 65) ]
TOTAL THIS MO.    12
DPTR FM NORMAL   -17    [PRESSURE DATA]
TOTAL FM JAN 1    17    HIGHEST SLP  0.00 ON M
DPTR FM NORMAL   -17    LOWEST  SLP  0.00 ON M

[REMARKS]
