000
CXUS53 KARX 240930
CF6ONA
PRELIMINARY LOCAL CLIMATOLOGICAL DATA (WS FORM: F-6)

                                          STATION:   WINONA_MUNI_(AWOS) MN
                                          MONTH:     APRIL
                                          YEAR:      2015
                                          LATITUDE:   44  4 N
                                          LONGITUDE:  91 42 W

  TEMPERATURE IN F:       :PCPN:    SNOW:  WIND      :SUNSHINE: SKY     :PK WND
================================================================================
1   2   3   4   5  6A  6B    7    8   9   10  11  12  13   14  15   16   17  18
                                     12Z  AVG MX 2MIN
DY MAX MIN AVG DEP HDD CDD  WTR  SNW DPTH SPD SPD DIR MIN PSBL S-S WX    SPD DR
================================================================================

 1  79  37  58   M   7   0 0.11  0.0    0  9.5 18 210   M    M   1        35 200
 2  64  48  56   M   9   0 0.17  0.0    0 10.1 20 310   M    M   2        29 310
 3  48  32  40   M  25   0 0.00  0.0    0 10.7 16 340   M    M   4        30 320
 4  55  32  44   M  21   0    T  0.0    0  5.5 13 300   M    M   5        22 300
 5  54  36  45   M  20   0 0.07  0.0    0  6.4 13 120   M    M   5        20 110
 6  57  36  47   M  18   0    T  0.0    0  8.1 13  90   M    M   6 3      22 110
 7  45  37  41   M  24   0 0.86  0.0    0  9.0 16 110   M    M  10 13     21 110
 8  46  36  41   M  24   0 0.06  0.0    0  6.5 13 120   M    M  10 13      M  M
 9  43  34  39   M  26   0 1.38    M    0  6.4 14 320   M    M  10 13     20 330
10  54  34  44   M  21   0 0.01  0.0    M  5.9 10 340   M    M   5 1      16 290
11  66  34  50   M  15   0 0.00  0.0    0  4.4 13 210   M    M   0 1      18 210
12  73  54  64   M   1   0 0.00  0.0    0  8.9 20 200   M    M   3 3      28 200
13  61  43  52   M  13   0    T  0.0    0 10.3 23 310   M    M   3        32 310
14  70  34  52   M  13   0 0.00  0.0    0  1.7  6 100   M    M   0         M  M
15  70  37  54   M  11   0 0.00  0.0    0  7.1 17 140   M    M   0        28 140
16  73  48  61   M   4   0 0.00  0.0    0  4.2  9 300   M    M   3         M  M
17  77  48  63   M   2   0 0.00  0.0    0  3.0 10 320   M    M   1        10 340
18  73  45  59   M   6   0    M  0.0    0  8.4 16 130   M    M   2        22 130
19  61  48  55   M  10   0 0.46  0.0    0  8.2 16 310   M    M   9        22 310
20  48  37  43   M  22   0 0.35    M    0 14.4 21 320   M    M  10        30 320
21  41  34  38   M  27   0 0.01    M    0 13.6 18 290   M    M  10        29 300
22  50  34  42   M  23   0    M    M    0 13.1 23 330   M    M   5        31 330
23  54  30  42   M  23   0 0.00  0.0    0  4.0  9  30   M    M   0         M  M
================================================================================
SM 1362  888       365   0  3.48     0.0 179.4          M      104
================================================================================
AV 59.2 38.6                               7.8 FASTST   M    M   5    MAX(MPH)
                                 MISC ---->  # 23 310               # 35  200
================================================================================
NOTES:
# LAST OF SEVERAL OCCURRENCES

COLUMN 17 PEAK WIND IN M.P.H.

PRELIMINARY LOCAL CLIMATOLOGICAL DATA (WS FORM: F-6) , PAGE 2

                                          STATION:  WINONA_MUNI_(AWOS) MN
                                          MONTH:    APRIL
                                          YEAR:     2015
                                          LATITUDE:   44  4 N
                                          LONGITUDE:  91 42 W

[TEMPERATURE DATA]      [PRECIPITATION DATA]       SYMBOLS USED IN COLUMN 16

AVERAGE MONTHLY: 48.9   TOTAL FOR MONTH:   3.48    1 = FOG OR MIST
DPTR FM NORMAL:     M   DPTR FM NORMAL:       M    2 = FOG REDUCING VISIBILITY
HIGHEST:    79 ON  1    GRTST 24HR  1.38 ON  9- 9      TO 1/4 MILE OR LESS
LOWEST:     30 ON 23                               3 = THUNDER
                        SNOW, ICE PELLETS, HAIL    4 = ICE PELLETS
                        TOTAL MONTH:   0.0 INCH    5 = HAIL
                        GRTST 24HR     0.0         6 = FREEZING RAIN OR DRIZZLE
                        GRTST DEPTH:   0           7 = DUSTSTORM OR SANDSTORM:
                                                       VSBY 1/2 MILE OR LESS
                                                   8 = SMOKE OR HAZE
[NO. OF DAYS WITH]      [WEATHER - DAYS WITH]      9 = BLOWING SNOW
                                                   X = TORNADO
MAX 32 OR BELOW:   0    0.01 INCH OR MORE:  10
MAX 90 OR ABOVE:   0    0.10 INCH OR MORE:   6
MIN 32 OR BELOW:   3    0.50 INCH OR MORE:   2
MIN  0 OR BELOW:   0    1.00 INCH OR MORE:   1

[HDD (BASE 65) ]
TOTAL THIS MO.   365    CLEAR  (SCALE 0-3)  10
DPTR FM NORMAL     M    PTCLDY (SCALE 4-7)   7
TOTAL FM JUL 1  6999    CLOUDY (SCALE 8-10)  6
DPTR FM NORMAL     M

[CDD (BASE 65) ]
TOTAL THIS MO.     0
DPTR FM NORMAL     M    [PRESSURE DATA]
TOTAL FM JAN 1     0    HIGHEST SLP M ON M
DPTR FM NORMAL     M    LOWEST  SLP M ON M

[REMARKS]
