000
CXUS51 KRLX 241400
CF6PKB
PRELIMINARY LOCAL CLIMATOLOGICAL DATA (WS FORM: F-6)

                                          STATION:   PARKERSBURG WV
                                          MONTH:     APRIL
                                          YEAR:      2015
                                          LATITUDE:   39 20 N
                                          LONGITUDE:  81 26 W

  TEMPERATURE IN F:       :PCPN:    SNOW:  WIND      :SUNSHINE: SKY     :PK WND
================================================================================
1   2   3   4   5  6A  6B    7    8   9   10  11  12  13   14  15   16   17  18
                                     12Z  AVG MX 2MIN
DY MAX MIN AVG DEP HDD CDD  WTR  SNW DPTH SPD SPD DIR MIN PSBL S-S WX    SPD DR
================================================================================

 1  63  27  45  -4  20   0 0.00    M    M  2.1 13  10   M    M   0 1      18 310
 2  71  33  52   2  13   0 0.21    M    M  6.3 28 240   M    M   5 13     41 230
 3  65  45  55   5  10   0 0.98    M    M  9.5 25 310   M    M   9 13     36 330
 4  54  36  45  -5  20   0 0.00    M    M  8.9 21 280   M    M   3        28 290
 5  64  36  50  -1  15   0 0.00    M    M  6.6 17 260   M    M   0 8      24 260
 6  73  33  53   2  12   0 0.23    M    M  5.4 18 240   M    M   6 1      27 220
 7  65  53  59   8   6   0 0.50    M    M  3.3 14 200   M    M   9 12     17 190
 8  70  57  64  12   1   0 0.88    M    M  6.5 22 300   M    M   9 13     38 290
 9  79  59  69  17   0   4 0.90    M    M  6.6 25 280   M    M   3 135    38 300
10  72  52  62  10   3   0 0.99    M    M 11.7 25 290   M    M   3 13     33 300
11  62  42  52  -1  13   0 0.00    M    M  5.8 16 300   M    M   1        22 280
12  76  35  56   3   9   0 0.00    M    M  2.5 10 280   M    M   0        14 220
13  83  55  69  15   0   4 0.54    M    M  8.3 18 200   M    M   3 1      25 190
14  61  54  58   4   7   0 0.30    M    M  7.9 17  50   M    M   8 1      21  50
15  67  50  59   5   6   0 0.00    M    M  7.6 15  70   M    M   0        20  90
16  64  50  57   3   8   0 0.01    M    M  8.0 18 170   M    M   7        26 180
17  77  56  67  12   0   2 0.10    M    M  4.4 12 280   M    M   7 18     17 290
18  81  47  64   9   1   0 0.00    M    M  3.6 10  40   M    M   0 1      15 360
19  76  58  67  12   0   2 0.16    M    M  9.3 22 150   M    M   5 1      30 150
20  72  51  62   6   3   0 0.21    M    M 12.2 26 240   M    M   8 13     39 230
21  61  44  53  -3  12   0    T    M    M 10.3 28 280   M    M   5        42 260
22  57  38  48  -8  17   0 0.25    M    M  8.5 28 300   M    M   6 1      41 290
23  55  34  45 -11  20   0 0.00    M    M  9.7 25 280   M    M   4        36 300
================================================================================
SM 1568 1045       196  12  6.26    M    165.0          M      101
================================================================================
AV 68.2 45.4                               7.2 FASTST   M    M   4    MAX(MPH)
                                 MISC ---->  # 28 240               # 42  260
================================================================================
NOTES:
# LAST OF SEVERAL OCCURRENCES

COLUMN 17 PEAK WIND IN M.P.H.

PRELIMINARY LOCAL CLIMATOLOGICAL DATA (WS FORM: F-6) , PAGE 2

                                          STATION:  PARKERSBURG WV
                                          MONTH:    APRIL
                                          YEAR:     2015
                                          LATITUDE:   39 20 N
                                          LONGITUDE:  81 26 W

[TEMPERATURE DATA]      [PRECIPITATION DATA]       SYMBOLS USED IN COLUMN 16

AVERAGE MONTHLY: 56.8   TOTAL FOR MONTH:   6.26    1 = FOG OR MIST
DPTR FM NORMAL:   3.8   DPTR FM NORMAL:    3.77    2 = FOG REDUCING VISIBILITY
HIGHEST:    83 ON 13    GRTST 24HR  1.60 ON  8- 9      TO 1/4 MILE OR LESS
LOWEST:     27 ON  1                               3 = THUNDER
                        SNOW, ICE PELLETS, HAIL    4 = ICE PELLETS
                        TOTAL MONTH:    M          5 = HAIL
                        GRTST 24HR    M  ON   M    6 = FREEZING RAIN OR DRIZZLE
                        GRTST DEPTH:  M  ON   M    7 = DUSTSTORM OR SANDSTORM:
                                                       VSBY 1/2 MILE OR LESS
                                                   8 = SMOKE OR HAZE
[NO. OF DAYS WITH]      [WEATHER - DAYS WITH]      9 = BLOWING SNOW
                                                   X = TORNADO
MAX 32 OR BELOW:   0    0.01 INCH OR MORE:  14
MAX 90 OR ABOVE:   0    0.10 INCH OR MORE:  13
MIN 32 OR BELOW:   1    0.50 INCH OR MORE:   6
MIN  0 OR BELOW:   0    1.00 INCH OR MORE:   0

[HDD (BASE 65) ]
TOTAL THIS MO.   196    CLEAR  (SCALE 0-3)   7
DPTR FM NORMAL   -91    PTCLDY (SCALE 4-7)  12
TOTAL FM JUL 1  5155    CLOUDY (SCALE 8-10)  4
DPTR FM NORMAL   407

[CDD (BASE 65) ]
TOTAL THIS MO.    12
DPTR FM NORMAL    -1    [PRESSURE DATA]
TOTAL FM JAN 1    12    HIGHEST SLP M ON M
DPTR FM NORMAL    -4    LOWEST  SLP 29.50 ON 20

[REMARKS]
