000
CXUS51 KGYX 191000
CF6PWM
PRELIMINARY LOCAL CLIMATOLOGICAL DATA (WS FORM: F-6)

                                          STATION:   PORTLAND ME
                                          MONTH:     APRIL
                                          YEAR:      2015
                                          LATITUDE:   43 39 N
                                          LONGITUDE:  70 19 W

  TEMPERATURE IN F:       :PCPN:    SNOW:  WIND      :SUNSHINE: SKY     :PK WND
================================================================================
1   2   3   4   5  6A  6B    7    8   9   10  11  12  13   14  15   16   17  18
                                     12Z  AVG MX 2MIN
DY MAX MIN AVG DEP HDD CDD  WTR  SNW DPTH SPD SPD DIR MIN PSBL S-S WX    SPD DR
================================================================================

 1  45  25  35  -4  30   0 0.00  0.0    7  9.2 24 330   M    M   1        34 310
 2  46  23  35  -4  30   0    T  0.0    7  5.6 15 200   M    M   5        19 150
 3  66  38  52  12  13   0    T  0.0    6  5.4 16 250   M    M   7 8      20 250
 4  49  29  39  -1  26   0 0.17  0.0    4 13.2 30 330   M    M   6 1      42 300
 5  48  23  36  -4  29   0 0.00  0.0    4 11.1 28 260   M    M   2        35 270
 6  41  27  34  -7  31   0    T    T    2  7.0 14  90   M    M   7        19 110
 7  47  29  38  -3  27   0    T  0.0    T  4.9 13  50   M    M   8 1      15  40
 8  42  28  35  -6  30   0 0.15  1.4    T  9.4 17  90   M    M   5 1      20  30
 9  35  29  32 -10  33   0 0.32  1.5    3 11.1 18  80   M    M  10 1      25  90
10  43  34  39  -3  26   0 0.38  0.0    2  4.8 13 150   M    M   9 128    17 150
11  54  31  43   1  22   0 0.00  0.0    2 11.9 28 270   M    M   2        38 280
12  68  29  49   6  16   0 0.00  0.0    T  6.0 16 240   M    M   0        22 280
13  66  33  50   7  15   0 0.00  0.0    0  9.2 21 180   M    M   1        30 170
14  70  40  55  11  10   0 0.04  0.0    0  8.4 25 310   M    M   5        33 280
15  65  38  52   8  13   0 0.00  0.0    0 10.9 26 350   M    M   1        35 330
16  55  28  42  -2  23   0 0.00  0.0    0  8.2 18 200   M    M   3        24 200
17  67  45  56  11   9   0 0.11    M    0  8.5 18 280   M    M   4 1      24 280
18  55  39  47   2  18   0    T    M    0  7.2 17 150   M    M   4        23 110
================================================================================
SM  962  568       401   0  1.17     2.9 152.0          M       80
================================================================================
AV 53.4 31.6                               8.4 FASTST   M    M   4    MAX(MPH)
                                 MISC ---->  # 30 330               # 42  300
================================================================================
NOTES:
# LAST OF SEVERAL OCCURRENCES

COLUMN 17 PEAK WIND IN M.P.H.

PRELIMINARY LOCAL CLIMATOLOGICAL DATA (WS FORM: F-6) , PAGE 2

                                          STATION:  PORTLAND ME
                                          MONTH:    APRIL
                                          YEAR:     2015
                                          LATITUDE:   43 39 N
                                          LONGITUDE:  70 19 W

[TEMPERATURE DATA]      [PRECIPITATION DATA]       SYMBOLS USED IN COLUMN 16

AVERAGE MONTHLY: 42.5   TOTAL FOR MONTH:   1.17    1 = FOG OR MIST
DPTR FM NORMAL:   0.6   DPTR FM NORMAL:   -1.46    2 = FOG REDUCING VISIBILITY
HIGHEST:    70 ON 14    GRTST 24HR  0.45 ON  8- 9      TO 1/4 MILE OR LESS
LOWEST:     23 ON  5, 2                            3 = THUNDER
                        SNOW, ICE PELLETS, HAIL    4 = ICE PELLETS
                        TOTAL MONTH:   2.9 INCHES  5 = HAIL
                        GRTST 24HR   1.5 ON  9- 9  6 = FREEZING RAIN OR DRIZZLE
                        GRTST DEPTH:   7 ON  2, 1  7 = DUSTSTORM OR SANDSTORM:
                                                       VSBY 1/2 MILE OR LESS
                                                   8 = SMOKE OR HAZE
[NO. OF DAYS WITH]      [WEATHER - DAYS WITH]      9 = BLOWING SNOW
                                                   X = TORNADO
MAX 32 OR BELOW:   0    0.01 INCH OR MORE:   6
MAX 90 OR ABOVE:   0    0.10 INCH OR MORE:   5
MIN 32 OR BELOW:  11    0.50 INCH OR MORE:   0
MIN  0 OR BELOW:   0    1.00 INCH OR MORE:   0

[HDD (BASE 65) ]
TOTAL THIS MO.   401    CLEAR  (SCALE 0-3)   7
DPTR FM NORMAL   -14    PTCLDY (SCALE 4-7)   9
TOTAL FM JUL 1  6525    CLOUDY (SCALE 8-10)  2
DPTR FM NORMAL    92

[CDD (BASE 65) ]
TOTAL THIS MO.     0
DPTR FM NORMAL     0    [PRESSURE DATA]
TOTAL FM JAN 1     0    HIGHEST SLP M ON M
DPTR FM NORMAL     0    LOWEST  SLP 29.44 ON  4

[REMARKS]
