000
CXUS54 KSHV 271300
CF6SHV
PRELIMINARY LOCAL CLIMATOLOGICAL DATA (WS FORM: F-6)

                                          STATION:   SHREVEPORT
                                          MONTH:     APRIL
                                          YEAR:      2015
                                          LATITUDE:   32 28 N
                                          LONGITUDE:  93 49 W

  TEMPERATURE IN F:       :PCPN:    SNOW:  WIND      :SUNSHINE: SKY     :PK WND
================================================================================
1   2   3   4   5  6A  6B    7    8   9   10  11  12  13   14  15   16   17  18
                                     12Z  AVG MX 2MIN
DY MAX MIN AVG DEP HDD CDD  WTR  SNW DPTH SPD SPD DIR MIN PSBL S-S WX    SPD DR
================================================================================

 1  85  61  73  11   0   8 0.00  0.0    0  9.8 22 180   M    M   7 18     28 190
 2  85  67  76  14   0  11 0.00  0.0    0 13.2 23 200   M    M   7        28 190
 3  85  64  75  13   0  10 0.12  0.0    0 14.3 22 360   M    M   8 3      31 320
 4  71  52  62   0   3   0 0.00  0.0    0 10.4 23  40   M    M   4        33  40
 5  59  50  55  -8  10   0 0.70  0.0    0  6.7 15 140   M    M  10 1      17 150
 6  80  59  70   7   0   5 0.00  0.0    0 10.0 20 170   M    M   8 1      24 180
 7  86  68  77  14   0  12    T  0.0    0 11.5 17 190   M    M   6        24 180
 8  85  69  77  14   0  12 0.00  0.0    0 11.2 22 170   M    M   7 18     28 160
 9  84  68  76  12   0  11 1.08  0.0    0 11.0 30 320   M    M   9 13     38 320
10  69  50  60  -4   5   0    T  0.0    0  8.4 17  20   M    M   8 13     24  10
11  79  46  63  -1   2   0 0.00  0.0    0  5.7 14 110   M    M   7 1      21 140
12  79  57  68   4   0   3 0.71  0.0    0  6.1 22 170   M    M   9 13     27 170
13  78  66  72   8   0   7 0.85  0.0    0  7.4 20 270   M    M   8 13     30 280
14  68  64  66   1   0   1 0.07  0.0    0  7.0 13  40   M    M  10 12     16 340
15  75  59  67   2   0   2 0.01  0.0    0  6.4 16 260   M    M   3 1      19 250
16  81  56  69   4   0   4 0.20  0.0    0  6.8 22 280   M    M   7 13     28 280
17  81  61  71   5   0   6 0.00  0.0    0  4.1 14 180   M    M   8        17 180
18  76  65  71   5   0   6 0.27  0.0    0  4.1 13 260   M    M   9 138    14 270
19  81  58  70   4   0   5 0.38  0.0    0  9.2 36 310   M    M   6 13     43 300
20  72  53  63  -3   2   0 0.00  0.0    0  9.5 18 320   M    M   2        24 320
21  71  49  60  -7   5   0    T    M    0  4.5 15 160   M    M   6        18 170
22  84  54  69   2   0   4    T  0.0    0  5.3 21  30   M    M   7        25  30
23  75  62  69   2   0   4 0.03  0.0    0  8.1 16  80   M    M  10 8      26  80
24  76  61  69   2   0   4 0.71  0.0    0  6.3 30 320   M    M  10 138    43 330
25  89  63  76   8   0  11    T  0.0    0  9.2 18 260   M    M   5 1      24 260
26  90  64  77   9   0  12 0.00  0.0    0  6.1 14  80   M    M   5 1      18 180
================================================================================
SM 2044 1546        27 138  5.13     0.0 212.3          M      186
================================================================================
AV 78.6 59.5                               8.2 FASTST   M    M   7    MAX(MPH)
                                 MISC ---->  # 36 310               # 43  300
================================================================================
NOTES:
# LAST OF SEVERAL OCCURRENCES

COLUMN 17 PEAK WIND IN M.P.H.

PRELIMINARY LOCAL CLIMATOLOGICAL DATA (WS FORM: F-6) , PAGE 2

                                          STATION:  SHREVEPORT
                                          MONTH:    APRIL
                                          YEAR:     2015
                                          LATITUDE:   32 28 N
                                          LONGITUDE:  93 49 W

[TEMPERATURE DATA]      [PRECIPITATION DATA]       SYMBOLS USED IN COLUMN 16

AVERAGE MONTHLY: 69.0   TOTAL FOR MONTH:   5.13    1 = FOG OR MIST
DPTR FM NORMAL:   4.3   DPTR FM NORMAL:    1.50    2 = FOG REDUCING VISIBILITY
HIGHEST:    90 ON 26    GRTST 24HR  1.27 ON 12-13      TO 1/4 MILE OR LESS
LOWEST:     46 ON 11                               3 = THUNDER
                        SNOW, ICE PELLETS, HAIL    4 = ICE PELLETS
                        TOTAL MONTH:   0.0 INCH    5 = HAIL
                        GRTST 24HR     0.0         6 = FREEZING RAIN OR DRIZZLE
                        GRTST DEPTH:   0           7 = DUSTSTORM OR SANDSTORM:
                                                       VSBY 1/2 MILE OR LESS
                                                   8 = SMOKE OR HAZE
[NO. OF DAYS WITH]      [WEATHER - DAYS WITH]      9 = BLOWING SNOW
                                                   X = TORNADO
MAX 32 OR BELOW:   0    0.01 INCH OR MORE:  12
MAX 90 OR ABOVE:   1    0.10 INCH OR MORE:   9
MIN 32 OR BELOW:   0    0.50 INCH OR MORE:   5
MIN  0 OR BELOW:   0    1.00 INCH OR MORE:   1

[HDD (BASE 65) ]
TOTAL THIS MO.    27    CLEAR  (SCALE 0-3)   2
DPTR FM NORMAL   -55    PTCLDY (SCALE 4-7)  16
TOTAL FM JUL 1  2281    CLOUDY (SCALE 8-10)  8
DPTR FM NORMAL    66

[CDD (BASE 65) ]
TOTAL THIS MO.   138
DPTR FM NORMAL    63    [PRESSURE DATA]
TOTAL FM JAN 1   164    HIGHEST SLP M ON M
DPTR FM NORMAL    48    LOWEST  SLP 29.61 ON 26

[REMARKS]
