000
CXUS53 KLSX 201600
CF6SUS
PRELIMINARY LOCAL CLIMATOLOGICAL DATA (WS FORM: F-6)

                                          STATION:   SPIRIT OF ST LOUIS MO
                                          MONTH:     APRIL
                                          YEAR:      2015
                                          LATITUDE:   38 39 N
                                          LONGITUDE:  90 38 W

  TEMPERATURE IN F:       :PCPN:    SNOW:  WIND      :SUNSHINE: SKY     :PK WND
================================================================================
1   2   3   4   5  6A  6B    7    8   9   10  11  12  13   14  15   16   17  18
                                     12Z  AVG MX 2MIN
DY MAX MIN AVG DEP HDD CDD  WTR  SNW DPTH SPD SPD DIR MIN PSBL S-S WX    SPD DR
================================================================================

 1  78  37  58   7   7   0    T  0.0    0  7.2 18 180   M    M   3        26 140
 2  73  59  66  15   0   1 0.85  0.0    0  6.2 17 250   M    M   7 13     26 210
 3  60  39  50  -2  15   0 0.41  0.0    0 11.4 26 340   M    M   6 13     36 310
 4  61  28  45  -7  20   0 0.00  0.0    0  4.1 14 170   M    M   0        18 180
 5  67  32  50  -2  15   0 0.00  0.0    0  6.5 16 150   M    M   3        23 150
 6  66  54  60   7   5   0 0.00  0.0    0  4.7 15 180   M    M  10        22 160
 7  72  59  66  13   0   1 1.75  0.0    0  6.9 24  50   M    M   7 135    29  40
 8  75  61  68  15   0   3 0.09  0.0    0  5.0 24 210   M    M   5 13     32 210
 9  83  52  68  14   0   3    M  0.0    0 15.0 33 220   M    M   8 138    62 230
10  69  43  56   2   9   0 0.00  0.0    0 11.1 26 280   M    M   1        36 290
11  68  40  54   0  11   0 0.00  0.0    0  4.0 10 100   M    M   3        14  80
12  77  52  65  10   0   0 0.00  0.0    0  5.0 17 190   M    M   5        23 130
13  70  55  63   8   2   0    T  0.0    0  6.9 22 300   M    M   6        26 310
14  68  54  61   6   4   0 0.00  0.0    0  9.1 20  60   M    M   6 8      25  60
15  70  50  60   4   5   0 0.00  0.0    0  7.6 16  80   M    M   7        21  80
16  78  46  62   6   3   0 0.00  0.0    0  1.2  8 120   M    M   4 1      12 150
17  79  52  66  10   0   1 0.00  0.0    0  2.7 13 160   M    M   2 1      17  80
18  77  54  66   9   0   1 0.00  0.0    0  3.8 12 120   M    M   4 1      16 120
19  67  56  62   5   3   0 0.71  0.0    0  4.6 22 300   M    M   8 13     28 310
================================================================================
SM 1358  923        99  10  3.81     0.0 123.0          M       95
================================================================================
AV 71.5 48.6                               6.5 FASTST   M    M   5    MAX(MPH)
                                 MISC ---->  # 33 220               # 62  230
================================================================================
NOTES:
# LAST OF SEVERAL OCCURRENCES

COLUMN 17 PEAK WIND IN M.P.H.

PRELIMINARY LOCAL CLIMATOLOGICAL DATA (WS FORM: F-6) , PAGE 2

                                          STATION:  SPIRIT OF ST LOUIS MO
                                          MONTH:    APRIL
                                          YEAR:     2015
                                          LATITUDE:   38 39 N
                                          LONGITUDE:  90 38 W

[TEMPERATURE DATA]      [PRECIPITATION DATA]       SYMBOLS USED IN COLUMN 16

AVERAGE MONTHLY: 60.0   TOTAL FOR MONTH:   3.81    1 = FOG OR MIST
DPTR FM NORMAL:   6.0   DPTR FM NORMAL:    1.32    2 = FOG REDUCING VISIBILITY
HIGHEST:    83 ON  9    GRTST 24HR  1.75 ON  7- 7      TO 1/4 MILE OR LESS
LOWEST:     28 ON  4                               3 = THUNDER
                        SNOW, ICE PELLETS, HAIL    4 = ICE PELLETS
                        TOTAL MONTH:   0.0 INCH    5 = HAIL
                        GRTST 24HR     0.0         6 = FREEZING RAIN OR DRIZZLE
                        GRTST DEPTH:   0           7 = DUSTSTORM OR SANDSTORM:
                                                       VSBY 1/2 MILE OR LESS
                                                   8 = SMOKE OR HAZE
[NO. OF DAYS WITH]      [WEATHER - DAYS WITH]      9 = BLOWING SNOW
                                                   X = TORNADO
MAX 32 OR BELOW:   0    0.01 INCH OR MORE:   5
MAX 90 OR ABOVE:   0    0.10 INCH OR MORE:   4
MIN 32 OR BELOW:   2    0.50 INCH OR MORE:   3
MIN  0 OR BELOW:   0    1.00 INCH OR MORE:   1

[HDD (BASE 65) ]
TOTAL THIS MO.    99    CLEAR  (SCALE 0-3)   6
DPTR FM NORMAL  -123    PTCLDY (SCALE 4-7)  12
TOTAL FM JUL 1  4799    CLOUDY (SCALE 8-10)  1
DPTR FM NORMAL   204

[CDD (BASE 65) ]
TOTAL THIS MO.    10
DPTR FM NORMAL    -9    [PRESSURE DATA]
TOTAL FM JAN 1    10    HIGHEST SLP M ON M
DPTR FM NORMAL   -14    LOWEST  SLP 29.55 ON  9

[REMARKS]
