000
CXUS54 KBMX 271216
CF6TCL
PRELIMINARY LOCAL CLIMATOLOGICAL DATA (WS FORM: F-6)

                                          STATION:   TUSCALOOSA
                                          MONTH:     APRIL
                                          YEAR:      2015
                                          LATITUDE:   33 13 N
                                          LONGITUDE:  87 37 W

  TEMPERATURE IN F:       :PCPN:    SNOW:  WIND      :SUNSHINE: SKY     :PK WND
================================================================================
1   2   3   4   5  6A  6B    7    8   9   10  11  12  13   14  15   16   17  18
                                     12Z  AVG MX 2MIN
DY MAX MIN AVG DEP HDD CDD  WTR  SNW DPTH SPD SPD DIR MIN PSBL S-S WX    SPD DR
================================================================================

 1  83  54  69   9   0   4 0.26  0.0    0  3.6 23  30   M    M   3 123    36  30
 2  81  61  71  11   0   6    T  0.0    0  8.5 20 180   M    M   5 138    25 170
 3  85  61  73  13   0   8 0.29  0.0    0 10.1 21 360   M    M   4 13     26 210
 4  70  48  59  -1   6   0    T  0.0    0 10.6 21  10   M    M   1 1      26  30
 5  71  41  56  -4   9   0 0.00  0.0    0  4.1 15 170   M    M   1        23 180
 6  69  53  61   0   4   0 0.84  0.0    0  3.9 14 170   M    M   9 13     18 170
 7  80  61  71  10   0   6    T  0.0    0  4.9 14 200   M    M   5 128    17 150
 8  80  58  69   8   0   4 0.00  0.0    0  4.0 14 170   M    M   5 12     20 170
 9  86  64  75  14   0  10 0.00  0.0    0  8.4 17 210   M    M   3 18     24 210
10  74  59  67   5   0   2 0.85  0.0    0  5.8 22 270   M    M   6 138    29 270
11  80  51  66   4   0   1 0.00  0.0    0  6.0 17  60   M    M   0        22  50
12  76  50  63   1   2   0 0.00  0.0    0  3.8 10 140   M    M   3        14 110
13  75  67  71   9   0   6 0.81  0.0    0  7.6 15 170   M    M  10 1      18 170
14  76  65  71   8   0   6 0.01  0.0    0  5.8 14 200   M    M   8 138    17 200
15  80  64  72   9   0   7 0.00  0.0    0  4.2 10 140   M    M   5 1      14 130
16  72  63  68   5   0   3 2.47  0.0    0  7.2 15  80   M    M   9 123    23  60
17  69  60  65   2   0   0 0.50  0.0    0  6.6 13  40   M    M  10 1      14  40
18  72  60  66   2   0   1 1.04  0.0    0  3.9 13  50   M    M   9 1      15  50
19  81  62  72   8   0   7 0.93  0.0    0  8.4 24 260   M    M   6 13     34 240
20  73  54  64   0   1   0    T  0.0    0  7.9 17 260   M    M   3        22 240
21  74  47  61  -4   4   0 0.00  0.0    0  3.2 13  20   M    M   0        17 350
22  82  48  65   0   0   0 0.00  0.0    0  3.6 14 230   M    M   1        21  99
23  67  54  61  -4   4   0 0.02  0.0    0  4.7 16 320   M    M   4 1      21 320
24  75  49  62  -4   3   0    T  0.0    0  3.4  9  80   M    M   3        13 170
25  81  64  73   7   0   8 0.55  0.0    0  6.6 21 190   M    M   6 138    30 180
26  86  59  73   7   0   8 0.00  0.0    0  7.5 24  30   M    M   2 128    29  30
================================================================================
SM 1998 1477        33  87  8.57     0.0 154.3          M      121
================================================================================
AV 76.8 56.8                               5.9 FASTST   M    M   5    MAX(MPH)
                                 MISC ---->  # 24 260               # 36   30
================================================================================
NOTES:
# LAST OF SEVERAL OCCURRENCES

COLUMN 17 PEAK WIND IN M.P.H.

PRELIMINARY LOCAL CLIMATOLOGICAL DATA (WS FORM: F-6) , PAGE 2

                                          STATION:  TUSCALOOSA
                                          MONTH:    APRIL
                                          YEAR:     2015
                                          LATITUDE:   33 13 N
                                          LONGITUDE:  87 37 W

[TEMPERATURE DATA]      [PRECIPITATION DATA]       SYMBOLS USED IN COLUMN 16

AVERAGE MONTHLY: 66.8   TOTAL FOR MONTH:   8.57    1 = FOG OR MIST
DPTR FM NORMAL:   4.2   DPTR FM NORMAL:    4.90    2 = FOG REDUCING VISIBILITY
HIGHEST:    86 ON 26, 9 GRTST 24HR  2.51 ON 16-17      TO 1/4 MILE OR LESS
LOWEST:     41 ON  5                               3 = THUNDER
                        SNOW, ICE PELLETS, HAIL    4 = ICE PELLETS
                        TOTAL MONTH:   0.0 INCH    5 = HAIL
                        GRTST 24HR     0.0         6 = FREEZING RAIN OR DRIZZLE
                        GRTST DEPTH:   0           7 = DUSTSTORM OR SANDSTORM:
                                                       VSBY 1/2 MILE OR LESS
                                                   8 = SMOKE OR HAZE
[NO. OF DAYS WITH]      [WEATHER - DAYS WITH]      9 = BLOWING SNOW
                                                   X = TORNADO
MAX 32 OR BELOW:   0    0.01 INCH OR MORE:  12
MAX 90 OR ABOVE:   0    0.10 INCH OR MORE:  10
MIN 32 OR BELOW:   0    0.50 INCH OR MORE:   8
MIN  0 OR BELOW:   0    1.00 INCH OR MORE:   2

[HDD (BASE 65) ]
TOTAL THIS MO.    33    CLEAR  (SCALE 0-3)  10
DPTR FM NORMAL   -79    PTCLDY (SCALE 4-7)  10
TOTAL FM JUL 1  2543    CLOUDY (SCALE 8-10)  6
DPTR FM NORMAL    47

[CDD (BASE 65) ]
TOTAL THIS MO.    87
DPTR FM NORMAL    36    [PRESSURE DATA]
TOTAL FM JAN 1    97    HIGHEST SLP M ON M
DPTR FM NORMAL    23    LOWEST  SLP 29.63 ON 25

[REMARKS]
