000
CXUS54 KEPZ 201200
CF6TCS
PRELIMINARY LOCAL CLIMATOLOGICAL DATA (WS FORM: F-6)

                                          STATION:   TRUTH OR CONSEQUENCES
                                          MONTH:     APRIL
                                          YEAR:      2015
                                          LATITUDE:   33 13 N
                                          LONGITUDE: 107 16 W

  TEMPERATURE IN F:       :PCPN:    SNOW:  WIND      :SUNSHINE: SKY     :PK WND
================================================================================
1   2   3   4   5  6A  6B    7    8   9   10  11  12  13   14  15   16   17  18
                                     12Z  AVG MX 2MIN
DY MAX MIN AVG DEP HDD CDD  WTR  SNW DPTH SPD SPD DIR MIN PSBL S-S WX    SPD DR
================================================================================

 1  81  48  65   9   0   0 0.00  0.0    0  8.0 28 250   M    M   0        33 250
 2  79  48  64   8   1   0 0.00  0.0    0 10.3 24 270   M    M   0        31 260
 3  71  47  59   3   6   0 0.00  0.0    0  7.9 16  50   M    M   0        22  60
 4  71  47  59   3   6   0 0.00  0.0    0  8.1 18 180   M    M   0        23 190
 5  80  44  62   5   3   0 0.00  0.0    0  8.4 26 210   M    M   0        33 200
 6  80  47  64   7   1   0 0.00  0.0    0  9.2 24 210   M    M   0        35 240
 7  79  43  61   4   4   0 0.00  0.0    0  9.3 25 210   M    M   0        31 170
 8  80  52  66   9   0   1 0.00  0.0    0 14.6 32 210   M    M   1        43 210
 9  73  42  58   0   7   0 0.00  0.0    0  8.1 20 190   M    M   0        25 190
10  80  42  61   3   4   0 0.00  0.0    0 11.1 28 190   M    M   0 8      38 180
11  80  45  63   5   2   0 0.00  0.0    0  9.9 26 190   M    M   0        36 180
12  68  53  61   3   4   0 0.00  0.0    0  9.4 20 150   M    M   4        24 160
13  70  44  57  -2   8   0    T    M    0 11.2 26  50   M    M   4        36  70
14  72  40  56  -3   9   0 0.00  0.0    0 10.7 24 190   M    M   0        31 190
15  77  48  63   4   2   0 0.00  0.0    0 10.6 29 250   M    M   1        39 250
16  67  40  54  -6  11   0 0.00  0.0    0 14.8 38 230   M    M   0        52 220
17  66  35  51  -9  14   0 0.00  0.0    0  8.1 21 260   M    M   1        25 260
18  72  40  56  -4   9   0 0.00  0.0    0 10.9 23 290   M    M   3        41 300
19  74  48  61   1   4   0 0.00  0.0    0 10.0 25 110   M    M   2        33 210
================================================================================
SM 1420  853        95   1    T      0.0 190.6          M       16
================================================================================
AV 74.7 44.9                              10.0 FASTST   M    M   1    MAX(MPH)
                                 MISC ---->  # 38 230               # 52  220
================================================================================
NOTES:
# LAST OF SEVERAL OCCURRENCES

COLUMN 17 PEAK WIND IN M.P.H.

PRELIMINARY LOCAL CLIMATOLOGICAL DATA (WS FORM: F-6) , PAGE 2

                                          STATION:  TRUTH OR CONSEQUENCES
                                          MONTH:    APRIL
                                          YEAR:     2015
                                          LATITUDE:   33 13 N
                                          LONGITUDE: 107 16 W

[TEMPERATURE DATA]      [PRECIPITATION DATA]       SYMBOLS USED IN COLUMN 16

AVERAGE MONTHLY: 59.8   TOTAL FOR MONTH:      T    1 = FOG OR MIST
DPTR FM NORMAL:   1.9   DPTR FM NORMAL:   -0.20    2 = FOG REDUCING VISIBILITY
HIGHEST:    81 ON  1    GRTST 24HR    T  ON 13-13      TO 1/4 MILE OR LESS
LOWEST:     35 ON 17                               3 = THUNDER
                        SNOW, ICE PELLETS, HAIL    4 = ICE PELLETS
                        TOTAL MONTH:   0.0 INCH    5 = HAIL
                        GRTST 24HR     0.0         6 = FREEZING RAIN OR DRIZZLE
                        GRTST DEPTH:   0           7 = DUSTSTORM OR SANDSTORM:
                                                       VSBY 1/2 MILE OR LESS
                                                   8 = SMOKE OR HAZE
[NO. OF DAYS WITH]      [WEATHER - DAYS WITH]      9 = BLOWING SNOW
                                                   X = TORNADO
MAX 32 OR BELOW:   0    0.01 INCH OR MORE:   0
MAX 90 OR ABOVE:   0    0.10 INCH OR MORE:   0
MIN 32 OR BELOW:   0    0.50 INCH OR MORE:   0
MIN  0 OR BELOW:   0    1.00 INCH OR MORE:   0

[HDD (BASE 65) ]
TOTAL THIS MO.    95    CLEAR  (SCALE 0-3)  17
DPTR FM NORMAL   -44    PTCLDY (SCALE 4-7)   2
TOTAL FM JUL 1  2678    CLOUDY (SCALE 8-10)  0
DPTR FM NORMAL  -514

[CDD (BASE 65) ]
TOTAL THIS MO.     1
DPTR FM NORMAL    -2    [PRESSURE DATA]
TOTAL FM JAN 1    15    HIGHEST SLP M ON M
DPTR FM NORMAL    11    LOWEST  SLP 29.54 ON  8

[REMARKS]
