000
CXUS53 KLSX 271601
CF6UIN
PRELIMINARY LOCAL CLIMATOLOGICAL DATA (WS FORM: F-6)

                                          STATION:   QUINCY IL
                                          MONTH:     APRIL
                                          YEAR:      2015
                                          LATITUDE:   39 57 N
                                          LONGITUDE:  91 12 W

  TEMPERATURE IN F:       :PCPN:    SNOW:  WIND      :SUNSHINE: SKY     :PK WND
================================================================================
1   2   3   4   5  6A  6B    7    8   9   10  11  12  13   14  15   16   17  18
                                     12Z  AVG MX 2MIN
DY MAX MIN AVG DEP HDD CDD  WTR  SNW DPTH SPD SPD DIR MIN PSBL S-S WX    SPD DR
================================================================================

 1  77  45  61  13   4   0 0.01  0.0    0 12.3 25 160   M    M   1 138    31 170
 2  69  51  60  11   5   0 0.05  0.0    0  9.6 20 310   M    M   6 13     25 170
 3  55  31  43  -6  22   0 0.11  0.0    0 14.8 29 330   M    M   5 1      37 340
 4  61  25  43  -6  22   0 0.00  0.0    0 10.0 21 220   M    M   0        27 220
 5  67  39  53   3  12   0 0.00  0.0    0 12.4 23 210   M    M   2        31 200
 6  63  50  57   7   8   0 0.00  0.0    0  8.6 20 200   M    M  10        24 200
 7  70  56  63  13   2   0 0.02  0.0    0  8.8 28 140   M    M   6 128    34 140
 8  76  56  66  15   0   1 0.14  0.0    0  8.1 20 190   M    M   5 123    27 190
 9  81  43  62  11   3   0 0.02  0.0    0 20.9 35 280   M    M   6        46 250
10  69  37  53   2  12   0 0.00  0.0    0 14.9 31 310   M    M   2        39 290
11  68  37  53   1  12   0 0.00  0.0    0  7.5 13 140   M    M   0        16 140
12  68  50  59   7   6   0    T  0.0    0  9.5 18 170   M    M   9        24 180
13  68  50  59   7   6   0 0.27  0.0    0 10.5 24 310   M    M   3 13     30 320
14  69  46  58   5   7   0 0.00  0.0    0  7.1 15  60   M    M   0        20  70
15  71  52  62   9   3   0 0.00  0.0    0 10.8 22 110   M    M   5        27 110
16  75  50  63   9   2   0 0.00  0.0    0  2.3  8 230   M    M   6        10  50
17  79  53  66  12   0   1 0.00  0.0    0  4.4 12 210   M    M   3 18     16 210
18  79  58  69  15   0   4    T  0.0    0  9.0 21 120   M    M   1 38     25 130
19  72  49  61   6   4   0 0.24  0.0    0  8.7 32 310   M    M   7 1      39 310
20  53  42  48  -7  17   0    T  0.0    0 16.6 31 300   M    M   7 1      38 290
21  64  38  51  -4  14   0    T  0.0    0 13.6 28 300   M    M   3        39 300
22  56  34  45 -11  20   0 0.00  0.0    0 13.3 26 310   M    M   1 8      38 280
23  62  29  46 -10  19   0 0.00  0.0    0  5.9 21 320   M    M   0 8      25 320
24  66  44  55  -1  10   0 0.05    M    0 11.6 25 160   M    M   8 1      34 160
25  56  47  52  -4  13   0 0.79  0.0    0 13.9 23  50   M    M   9 13     28  40
26  61  39  50  -7  15   0 0.00  0.0    0  9.7 18  20   M    M   3 18     24  50
================================================================================
SM 1755 1151       238   6  1.70     0.0 274.8          M      108
================================================================================
AV 67.5 44.3                              10.6 FASTST   M    M   4    MAX(MPH)
                                 MISC ---->  # 35 280               # 46  250
================================================================================
NOTES:
# LAST OF SEVERAL OCCURRENCES

COLUMN 17 PEAK WIND IN M.P.H.

PRELIMINARY LOCAL CLIMATOLOGICAL DATA (WS FORM: F-6) , PAGE 2

                                          STATION:  QUINCY IL
                                          MONTH:    APRIL
                                          YEAR:     2015
                                          LATITUDE:   39 57 N
                                          LONGITUDE:  91 12 W

[TEMPERATURE DATA]      [PRECIPITATION DATA]       SYMBOLS USED IN COLUMN 16

AVERAGE MONTHLY: 55.9   TOTAL FOR MONTH:   1.70    1 = FOG OR MIST
DPTR FM NORMAL:   3.3   DPTR FM NORMAL:   -1.47    2 = FOG REDUCING VISIBILITY
HIGHEST:    81 ON  9    GRTST 24HR  0.84 ON 24-25      TO 1/4 MILE OR LESS
LOWEST:     25 ON  4                               3 = THUNDER
                        SNOW, ICE PELLETS, HAIL    4 = ICE PELLETS
                        TOTAL MONTH:   0.0 INCH    5 = HAIL
                        GRTST 24HR     0.0         6 = FREEZING RAIN OR DRIZZLE
                        GRTST DEPTH:   0           7 = DUSTSTORM OR SANDSTORM:
                                                       VSBY 1/2 MILE OR LESS
                                                   8 = SMOKE OR HAZE
[NO. OF DAYS WITH]      [WEATHER - DAYS WITH]      9 = BLOWING SNOW
                                                   X = TORNADO
MAX 32 OR BELOW:   0    0.01 INCH OR MORE:  10
MAX 90 OR ABOVE:   0    0.10 INCH OR MORE:   5
MIN 32 OR BELOW:   3    0.50 INCH OR MORE:   1
MIN  0 OR BELOW:   0    1.00 INCH OR MORE:   0

[HDD (BASE 65) ]
TOTAL THIS MO.   238    CLEAR  (SCALE 0-3)  13
DPTR FM NORMAL   -99    PTCLDY (SCALE 4-7)   9
TOTAL FM JUL 1  5616    CLOUDY (SCALE 8-10)  4
DPTR FM NORMAL   219

[CDD (BASE 65) ]
TOTAL THIS MO.     6
DPTR FM NORMAL    -7    [PRESSURE DATA]
TOTAL FM JAN 1     6    HIGHEST SLP M ON M
DPTR FM NORMAL    -9    LOWEST  SLP 29.46 ON 25

[REMARKS]
