000
CDUS43 KUNR 040834
CLI2WX


CLIMATE REPORT
NATIONAL WEATHER SERVICE RAPID CITY SD
232 AM MDT MON MAY 4 2015


...................................

...THE BUFFALO SD CLIMATE SUMMARY FOR MAY 3 2015...

CLIMATE NORMAL PERIOD 1981 TO 2010
CLIMATE RECORD PERIOD 9999 TO 9999


WEATHER ITEM   OBSERVED TIME   NORMAL DEPARTURE LAST
                VALUE   (LST)  VALUE  FROM      YEAR
                                      NORMAL
......................................................
TEMPERATURE (F)
 YESTERDAY
  MAXIMUM         62    344 PM  62      0       50
  MINIMUM         45   1159 PM  37      8       39
  AVERAGE         54            50      4       45

PRECIPITATION (IN)
  YESTERDAY        0.00          0.05  -0.05     0.00
  MONTH TO DATE    0.00          0.16  -0.16     0.00
  SINCE MAR 1      1.25          2.48  -1.23     2.10
  SINCE JAN 1      1.72          3.05  -1.33     2.68

DEGREE DAYS
 HEATING
  YESTERDAY       11            16     -5       20
  MONTH TO DATE   20            48    -28       53
  SINCE MAR 1   1323          1704   -381     1857
  SINCE JUL 1   6781          7501   -720     7914

 COOLING
  YESTERDAY        0             0      0        0
  MONTH TO DATE    0             0      0        0
  SINCE MAR 1      0             0      0        0
  SINCE JAN 1      0             0      0        0
......................................................


WIND (MPH)
  HIGHEST WIND SPEED    24   HIGHEST WIND DIRECTION    NE (30)
  HIGHEST GUST SPEED    30   HIGHEST GUST DIRECTION     N (20)
  AVERAGE WIND SPEED     9.4




RELATIVE HUMIDITY (PERCENT)
 HIGHEST    61           500 AM
 LOWEST     35          1200 AM
 AVERAGE    48

..........................................................




SUNRISE AND SUNSET
MAY  4 2015...........SUNRISE   538 AM MDT   SUNSET   805 PM MDT
MAY  5 2015...........SUNRISE   537 AM MDT   SUNSET   806 PM MDT


-  INDICATES NEGATIVE NUMBERS.
R  INDICATES RECORD WAS SET OR TIED.
MM INDICATES DATA IS MISSING.
T  INDICATES TRACE AMOUNT.




$$
