000
CDUS45 KABQ 060902
CLIABQ


CLIMATE REPORT
NATIONAL WEATHER SERVICE ALBUQUERQUE NM
301 AM MDT WED MAY 6 2015


...................................

...THE ALBUQUERQUE  NM CLIMATE SUMMARY FOR MAY 5 2015...

CLIMATE NORMAL PERIOD 1981 TO 2010
CLIMATE RECORD PERIOD 1891 TO 2015


WEATHER ITEM   OBSERVED TIME   RECORD YEAR NORMAL DEPARTURE LAST
                VALUE   (LST)  VALUE       VALUE  FROM      YEAR
                                                  NORMAL
..................................................................
TEMPERATURE (F)
 YESTERDAY
  MAXIMUM         63    155 PM  92    1947  75    -12       85
  MINIMUM         50    635 AM  33    1915  49      1       52
                                      1912
  AVERAGE         57                        62     -5       69

PRECIPITATION (IN)
  YESTERDAY        0.07          0.47 1969   0.02   0.05
  MONTH TO DATE    0.82                      0.08   0.74
  SINCE MAR 1      1.29                      1.26   0.03
  SINCE JAN 1      2.60                      2.12   0.48

SNOWFALL (IN)
  YESTERDAY        0.0
  MONTH TO DATE    0.0
  SINCE MAR 1      T
  SINCE JUL 1     15.2
  SNOW DEPTH       0

DEGREE DAYS
 HEATING
  YESTERDAY        8                         4      4        0
  MONTH TO DATE   13                        22     -9       20
  SINCE MAR 1    618                       823   -205      744
  SINCE JUL 1   3539                      4126   -587     3887

 COOLING
  YESTERDAY        0                         1     -1        4
  MONTH TO DATE    4                         5     -1        8
  SINCE MAR 1      4                        12     -8       14
  SINCE JAN 1      4                        12     -8       14
..................................................................


WIND (MPH)
  HIGHEST WIND SPEED    26   HIGHEST WIND DIRECTION     S (190)
  HIGHEST GUST SPEED    31   HIGHEST GUST DIRECTION     S (190)
  AVERAGE WIND SPEED     8.9


SKY COVER
  POSSIBLE SUNSHINE  MM
  AVERAGE SKY COVER 0.7


WEATHER CONDITIONS
 THE FOLLOWING WEATHER WAS RECORDED YESTERDAY.
  THUNDERSTORM
  LIGHT RAIN


RELATIVE HUMIDITY (PERCENT)
 HIGHEST    93           300 AM
 LOWEST     46          1200 PM
 AVERAGE    70

..........................................................


THE ALBUQUERQUE  NM CLIMATE NORMALS FOR TODAY
                         NORMAL    RECORD    YEAR
 MAXIMUM TEMPERATURE (F)   76        92      1947
 MINIMUM TEMPERATURE (F)   50        29      1975


SUNRISE AND SUNSET
MAY  6 2015...........SUNRISE   611 AM MDT   SUNSET   756 PM MDT
MAY  7 2015...........SUNRISE   610 AM MDT   SUNSET   757 PM MDT


-  INDICATES NEGATIVE NUMBERS.
R  INDICATES RECORD WAS SET OR TIED.
MM INDICATES DATA IS MISSING.
T  INDICATES TRACE AMOUNT.




$$
