000
CDUS42 KCAE 262128
CLIAGS


CLIMATE REPORT
NATIONAL WEATHER SERVICE COLUMBIA SC
528 PM EDT SUN APR 26 2015


...................................

...THE AUGUSTA BUSH FIELD GA CLIMATE SUMMARY FOR APRIL 26 2015...
VALID TODAY AS OF 0500 PM LOCAL TIME.

CLIMATE NORMAL PERIOD 1981 TO 2010
CLIMATE RECORD PERIOD 1873 TO 2015


WEATHER ITEM   OBSERVED TIME   RECORD YEAR NORMAL DEPARTURE LAST
                VALUE   (LST)  VALUE       VALUE  FROM      YEAR
                                                  NORMAL
..................................................................
TEMPERATURE (F)
 TODAY
  MAXIMUM         85    235 PM  91    2011  80      5       83
                                      1986
                                      1925
  MINIMUM         64    544 AM  36    1910  51     13       48
  AVERAGE         75                        65     10       66

PRECIPITATION (IN)
  TODAY            0.00          1.33 1967   0.08  -0.08     0.00
  MONTH TO DATE    4.49                      2.51   1.98     4.24
  SINCE MAR 1      7.53                      6.69   0.84     6.80
  SINCE JAN 1     14.33                     14.52  -0.19    13.01

SNOWFALL (IN)
  TODAY            0.0          MM      MM   0.0             0.0
  MONTH TO DATE    0.0                       0.0             0.0
  SINCE MAR 1      0.0                       0.0             0.0
  SINCE JUL 1      T                         0.9             3.3

DEGREE DAYS
 HEATING
  TODAY            0                         2     -2        0
  MONTH TO DATE   36                       115    -79      101
  SINCE MAR 1    249                       411   -162      501
  SINCE JUL 1   2535                      2443     92     2663

 COOLING
  TODAY           10                         3      7        1
  MONTH TO DATE  106                        42     64       27
  SINCE MAR 1    118                        57     61       27
  SINCE JAN 1    118                        60     58       29
..................................................................


WIND (MPH)
  HIGHEST WIND SPEED    21   HIGHEST WIND DIRECTION     W (270)
  HIGHEST GUST SPEED    26   HIGHEST GUST DIRECTION     W (280)
  AVERAGE WIND SPEED    10.7


SKY COVER
  AVERAGE SKY COVER 0.2


WEATHER CONDITIONS
 THE FOLLOWING WEATHER WAS RECORDED TODAY.
  NO SIGNIFICANT WEATHER WAS OBSERVED.


RELATIVE HUMIDITY (PERCENT)
 HIGHEST   100           100 AM
 LOWEST     43           400 PM
 AVERAGE    72

..........................................................


THE AUGUSTA BUSH FIELD GA CLIMATE NORMALS FOR TOMORROW
                         NORMAL    RECORD    YEAR
 MAXIMUM TEMPERATURE (F)   80        96      1986
 MINIMUM TEMPERATURE (F)   51        38      2000
                                             1977
                                             1972


SUNRISE AND SUNSET
APRIL 26 2015.........SUNRISE   645 AM EDT   SUNSET   807 PM EDT
APRIL 27 2015.........SUNRISE   644 AM EDT   SUNSET   807 PM EDT


-  INDICATES NEGATIVE NUMBERS.
R  INDICATES RECORD WAS SET OR TIED.
MM INDICATES DATA IS MISSING.
T  INDICATES TRACE AMOUNT.




$$
