000
CDUS42 KFFC 270816
CLIAHN


CLIMATE REPORT
NATIONAL WEATHER SERVICE PEACHTREE CITY GA
416 AM EDT MON APR 27 2015


...................................

...THE ATHENS CLIMATE SUMMARY FOR APRIL 26 2015...

CLIMATE NORMAL PERIOD 1981 TO 2010
CLIMATE RECORD PERIOD 1898 TO 2015


WEATHER ITEM   OBSERVED TIME   RECORD YEAR NORMAL DEPARTURE LAST
                VALUE   (LST)  VALUE       VALUE  FROM      YEAR
                                                  NORMAL
..................................................................
TEMPERATURE (F)
 YESTERDAY
  MAXIMUM         84    330 PM  91    1942  77      7       82
  MINIMUM         58   1159 PM  33    1919  52      6       49
  AVERAGE         71                        64      7       66

PRECIPITATION (IN)
  YESTERDAY        0.00          2.81 1967   0.11  -0.11     0.00
  MONTH TO DATE    7.39                      2.75   4.64     3.99
  SINCE MAR 1     10.18                      7.18   3.00     7.36
  SINCE JAN 1     17.15                     15.71   1.44    16.00

SNOWFALL (IN)
  YESTERDAY        0.0           0.0  2002   0.0    0.0      0.0
                                      2001
                                      2000
  MONTH TO DATE    0.0                       0.1   -0.1      0.0
  SINCE MAR 1      0.0                       0.9   -0.9      0.0
  SINCE JUL 1      T                         3.0   -3.0      2.8
  SNOW DEPTH       0

DEGREE DAYS
 HEATING
  YESTERDAY        0                         3     -3        0
  MONTH TO DATE   50                       136    -86      123
  SINCE MAR 1    303                       476   -173      532
  SINCE JUL 1   2809                      2731     78     2994

 COOLING
  YESTERDAY        6                         2      4        1
  MONTH TO DATE   72                        36     36       32
  SINCE MAR 1     79                        46     33       32
  SINCE JAN 1     79                        47     32       33
..................................................................


WIND (MPH)
  RESULTANT WIND SPEED   6   RESULTANT WIND DIRECTION   W (280)
  HIGHEST WIND SPEED    17   HIGHEST WIND DIRECTION    NW (310)
  HIGHEST GUST SPEED    28   HIGHEST GUST DIRECTION     W (270)
  AVERAGE WIND SPEED     7.6


SKY COVER
  POSSIBLE SUNSHINE  MM
  AVERAGE SKY COVER 0.3


WEATHER CONDITIONS
 THE FOLLOWING WEATHER WAS RECORDED YESTERDAY.
  FOG


RELATIVE HUMIDITY (PERCENT)
 HIGHEST   100           600 AM
 LOWEST     39           400 PM
 AVERAGE    70

..........................................................


THE ATHENS CLIMATE NORMALS FOR TODAY
                         NORMAL    RECORD    YEAR
 MAXIMUM TEMPERATURE (F)   77        93      1986
                                             1942
 MINIMUM TEMPERATURE (F)   52        34      1919


SUNRISE AND SUNSET
APRIL 27 2015.........SUNRISE   649 AM EDT   SUNSET   814 PM EDT
APRIL 28 2015.........SUNRISE   648 AM EDT   SUNSET   814 PM EDT


-  INDICATES NEGATIVE NUMBERS.
R  INDICATES RECORD WAS SET OR TIED.
MM INDICATES DATA IS MISSING.
T  INDICATES TRACE AMOUNT.




$$
