000
CDAK48 PAKN 210001
CLIAKN

CLIMATE REPORT
NATIONAL WEATHER SERVICE KING SALMON, AK
401 PM AKDT MON APR 20 2015

...................................
...THE KING SALMON AP CLIMATE SUMMARY FOR APRIL 20 2015...
VALID TODAY AS OF 2:00 PM LOCAL TIME

CLIMATE NORMAL PERIOD  1981 TO  2010
CLIMATE RECORD PERIOD  1917 TO  2015

WEATHER ITEM   OBSERVED TIME    RECORD YEAR NORMAL DEPARTURE LAST
               VALUE    (LST)   VALUE       VALUE  FROM      YEAR
                                                   NORMAL
...................................................................
TEMPERATURE
TODAY
 MAXIMUM            43  0141 PM    59  2014     44      -1     59
 MINIMUM            27  0258 AM     3  1972     27       0     32
 AVERAGE            35                          36      -1     46

PRECIPITATION
(INCHES)
 TODAY               T           1.21  1963   0.04   -0.04   0.00
 MONTH TO DATE    1.95                        0.62    1.33   0.42
 SINCE MAR 1      2.90                        1.32    1.58   1.18
 SINCE JAN 1      3.69                        3.10    0.59   2.99

SNOWFALL
(INCHES)
 TODAY               T            1.6  2005    0.1    -0.1    0.0
 MONTH TO DATE    11.2                         3.1     8.1    0.5
 SINCE MAR 1      11.5                         9.5     2.0    9.3
 SINCE JUL 1      25.2                        45.0   -19.8   36.0
 SNOW DEPTH (IN)     0                                          0

DEGREE DAYS
 HEATING
  TODAY             30                          30       0     19
  MONTH TO DATE    629                         666     -37    579
  SINCE MAR 1     1692                        1931    -239   1828
  SINCE JUL 1     7889                        9549   -1660   8188

 COOLING
  TODAY              0                           0       0      0
  MONTH TO DATE      0                           0       0      0
  SINCE MAR 1        0                           0       0      0
  SINCE JAN 1        0                           0       0      0
...................................................................

WIND (MPH)
 HIGHEST WIND SPEED    23     HIGHEST WIND DIRECTION    220
 HIGHEST GUST SPEED    34     HIGHEST GUST DIRECTION    200
 AVERAGE WIND SPEED    MM

SKY COVER
  POSSIBLE SUNSHINE  MM            AVERAGE SKY COVER MM

WEATHER CONDITIONS
 THE FOLLOWING WEATHER WAS RECORDED TODAY.
RAIN
SNOW


RELATIVE HUMIDITY
 HIGHEST RH     MM PERCENT       MM
 LOWEST  RH     MM PERCENT       MM
 AVERAGE RH     MM PERCENT       MM
...................................................................

THE KING SALMON CLIMATE NORMALS FOR TOMORROW
                        NORMAL    RECORD   YEAR
 MAXIMUM TEMPERATURE      45        57     2014
 MINIMUM TEMPERATURE      27        -1     1972

SUNRISE AND SUNSET
 APR 20 2015..........SUNRISE  7:01 AM      SUNSET  9:53 PM
 APR 21 2015..........SUNRISE  6:58 AM      SUNSET  9:55 PM

-  INDICATES NEGATIVE NUMBERS.
R  INDICATES RECORD HAS BEEN SET OR TIED.
MM INDICATES DATA IS MISSING.
T  INDICATES TRACE OF PRECIPITATION.

&&
-------------------------------------------------------------------

AMOUNT OF DAYLIGHT TODAY  (HOUR:MIN)........14 HOURS 52 MINUTES
GAIN/LOSS SINCE YESTERDAY (HOUR:MIN:SEC)....+0:05:03

$$
FS APR 15
