000
CDUS45 KBOU 050725
CLIAKO


CLIMATE REPORT
NATIONAL WEATHER SERVICE BOULDER, CO
125 AM MDT TUE MAY 5 2015


...................................

...THE AKRON CO CLIMATE SUMMARY FOR MAY 4 2015...

CLIMATE NORMAL PERIOD 1981 TO 2010
CLIMATE RECORD PERIOD 9999 TO 9999


WEATHER ITEM   OBSERVED TIME   RECORD YEAR NORMAL DEPARTURE LAST
                VALUE   (LST)  VALUE       VALUE  FROM      YEAR
                                                  NORMAL
..................................................................
TEMPERATURE (F)
 YESTERDAY
  MAXIMUM         59    320 PM  87    2012  67     -8
                                      2000
  MINIMUM         45   1159 PM  26    1955  40      5
  AVERAGE         52                        53     -1

PRECIPITATION (IN)
  YESTERDAY        T             0.94 1987   0.09  -0.09     0.00
  MONTH TO DATE    0.04                      0.32  -0.28      T
  SINCE MAR 1      1.75                      2.84  -1.09     1.19
  SINCE JAN 1      2.03                      3.58  -1.55     1.62

DEGREE DAYS
 HEATING
  YESTERDAY       13
  MONTH TO DATE   24

 COOLING
  YESTERDAY        0
  MONTH TO DATE    0
..................................................................


WIND (MPH)
  HIGHEST WIND SPEED    18   HIGHEST WIND DIRECTION     E (90)
  HIGHEST GUST SPEED    23   HIGHEST GUST DIRECTION     E (80)




RELATIVE HUMIDITY (PERCENT)
 HIGHEST   100
 LOWEST     62
 AVERAGE    81

..........................................................


THE AKRON CO CLIMATE NORMALS FOR TODAY
                         NORMAL    RECORD    YEAR
 MAXIMUM TEMPERATURE (F)   67        90      2004
 MINIMUM TEMPERATURE (F)   40        23      1944


SUNRISE AND SUNSET
MAY  5 2015...........SUNRISE   548 AM MDT   SUNSET   752 PM MDT
MAY  6 2015...........SUNRISE   547 AM MDT   SUNSET   753 PM MDT


-  INDICATES NEGATIVE NUMBERS.
R  INDICATES RECORD WAS SET OR TIED.
MM INDICATES DATA IS MISSING.
T  INDICATES TRACE AMOUNT.




$$
