000
CDUS44 KAMA 052137
CLIAMA


CLIMATE REPORT
NATIONAL WEATHER SERVICE AMARILLO TX
435 PM CDT TUE MAY 5 2015


...................................

...THE AMARILLO CLIMATE SUMMARY FOR MAY 5 2015...
VALID TODAY AS OF 0400 PM LOCAL TIME.

CLIMATE NORMAL PERIOD 1981 TO 2010
CLIMATE RECORD PERIOD 1892 TO 2015


WEATHER ITEM   OBSERVED TIME   RECORD YEAR NORMAL DEPARTURE LAST
                VALUE   (LST)  VALUE       VALUE  FROM      YEAR
                                                  NORMAL
..................................................................
TEMPERATURE (F)
 TODAY
  MAXIMUM         71    325 PM  98    2014  77     -6       98
                                      1940
  MINIMUM         55    506 AM  32    1917  48      7       52
  AVERAGE         63                        62      1       75

PRECIPITATION (IN)
  TODAY            0.96R         0.69 1972   0.05   0.91     0.00
  MONTH TO DATE    1.04                      0.25   0.79     0.00
  SINCE MAR 1      4.22                      3.04   1.18     0.77
  SINCE JAN 1      6.30                      4.32   1.98     1.16

SNOWFALL (IN)
  TODAY            0.0           T    2008   0.0    0.0      0.0
                                      1993
  MONTH TO DATE    0.0                       0.1   -0.1      0.0
  SINCE MAR 1      0.1                       3.7   -3.6      0.7
  SINCE JUL 1     23.9                      17.7    6.2     12.8
  SNOW DEPTH       0

DEGREE DAYS
 HEATING
  TODAY            2                         4     -2        0
  MONTH TO DATE    3                        24    -21       20
  SINCE MAR 1    631                       835   -204      825
  SINCE JUL 1   3756                      4112   -356     4178

 COOLING
  TODAY            0                         2     -2       10
  MONTH TO DATE   13                         8      5       29
  SINCE MAR 1     35                        29      6       60
  SINCE JAN 1     35                        29      6       60
..................................................................


WIND (MPH)
  RESULTANT WIND SPEED   8   RESULTANT WIND DIRECTION   S (160)
  HIGHEST WIND SPEED    18   HIGHEST WIND DIRECTION     S (180)
  HIGHEST GUST SPEED    23   HIGHEST GUST DIRECTION    SE (150)
  AVERAGE WIND SPEED     9.6


SKY COVER
  AVERAGE SKY COVER 0.9


WEATHER CONDITIONS
 THE FOLLOWING WEATHER WAS RECORDED TODAY.
  HEAVY RAIN
  RAIN
  LIGHT RAIN
  FOG


RELATIVE HUMIDITY (PERCENT)
 HIGHEST   100           400 AM
 LOWEST     63          1200 PM
 AVERAGE    82

..........................................................


THE AMARILLO CLIMATE NORMALS FOR TOMORROW
                         NORMAL    RECORD    YEAR
 MAXIMUM TEMPERATURE (F)   77        97      2000
 MINIMUM TEMPERATURE (F)   49        31      1917


SUNRISE AND SUNSET
MAY  5 2015...........SUNRISE   652 AM CDT   SUNSET   836 PM CDT
MAY  6 2015...........SUNRISE   651 AM CDT   SUNSET   837 PM CDT


-  INDICATES NEGATIVE NUMBERS.
R  INDICATES RECORD WAS SET OR TIED.
MM INDICATES DATA IS MISSING.
T  INDICATES TRACE AMOUNT.




$$
