000
CDUS44 KBMX 172125
CLIANB


CLIMATE REPORT
NATIONAL WEATHER SERVICE BIRMINGHAM, AL
425 PM CDT FRI APR 17 2015


...................................

...THE ANNISTON CLIMATE SUMMARY FOR APRIL 17 2015...
VALID AS OF 0400 PM LOCAL TIME.

CLIMATE NORMAL PERIOD 1981 TO 2010
CLIMATE RECORD PERIOD 1903 TO 2015


WEATHER ITEM   OBSERVED TIME   RECORD YEAR NORMAL DEPARTURE LAST
                VALUE   (LST)  VALUE       VALUE  FROM      YEAR
                                                  NORMAL
..................................................................
TEMPERATURE (F)
 TODAY
  MAXIMUM         62    259 PM  93    1955  74    -12       69
  MINIMUM         57    630 AM  26    1905  50      7       43
  AVERAGE         60

PRECIPITATION (IN)
  TODAY            0.49          1.37 1957   0.13   0.36     0.00
  MONTH TO DATE    5.34                      2.36   2.98     5.38
  SINCE MAR 1     10.92                      7.32   3.60    10.79
  SINCE JAN 1     19.08                     16.92   2.16    17.95

DEGREE DAYS
 HEATING
  TODAY            5
  MONTH TO DATE   26
  SINCE MAR 1    272
  SINCE JUL 1   2793
..................................................................


WIND (MPH)
  HIGHEST WIND SPEED     9   HIGHEST WIND DIRECTION    NE (60)
  HIGHEST GUST SPEED    14   HIGHEST GUST DIRECTION    NE (50)
  AVERAGE WIND SPEED     6.0


SKY COVER
  AVERAGE SKY COVER 1.0


WEATHER CONDITIONS
 THE FOLLOWING WEATHER WAS RECORDED TODAY.
  HEAVY RAIN
  RAIN
  LIGHT RAIN
  FOG


RELATIVE HUMIDITY (PERCENT)
 HIGHEST    97
 LOWEST     86
 AVERAGE    92

..........................................................


THE ANNISTON CLIMATE NORMALS FOR TOMORROW
                         NORMAL    RECORD    YEAR
 MAXIMUM TEMPERATURE (F)   75        90      1955
 MINIMUM TEMPERATURE (F)   50        28      1905


SUNRISE AND SUNSET
APRIL 17 2015.........SUNRISE   611 AM CDT   SUNSET   716 PM CDT
APRIL 18 2015.........SUNRISE   610 AM CDT   SUNSET   716 PM CDT


-  INDICATES NEGATIVE NUMBERS.
R  INDICATES RECORD WAS SET OR TIED.
MM INDICATES DATA IS MISSING.
T  INDICATES TRACE AMOUNT.




$$
