000
CDUS43 KAPX 030538
CLIANJ


CLIMATE REPORT
NATIONAL WEATHER SERVICE GAYLORD MI
136 AM EDT SUN MAY 3 2015


...................................

...THE SAULT STE MARIE MI CLIMATE SUMMARY FOR MAY 2 2015...

CLIMATE NORMAL PERIOD 1981 TO 2010
CLIMATE RECORD PERIOD 1888 TO 2015


WEATHER ITEM   OBSERVED TIME   RECORD YEAR NORMAL DEPARTURE LAST
                VALUE   (LST)  VALUE       VALUE  FROM      YEAR
                                                  NORMAL
..................................................................
TEMPERATURE (F)
 YESTERDAY
  MAXIMUM         71    155 PM  82    1951  58     13       45
  MINIMUM         45    558 AM  21    1958  37      8       35
  AVERAGE         58                        48     10       40

PRECIPITATION (IN)
  YESTERDAY        T             0.95 1936   0.07  -0.07     0.08
  MONTH TO DATE    T                         0.15  -0.15     0.52
  SINCE MAR 1      3.16                      4.49  -1.33     6.43
  SINCE JAN 1      6.53                      8.02  -1.49     9.79

SNOWFALL (IN)
  YESTERDAY        0.0           1.1  1966   0.0    0.0      0.0
  MONTH TO DATE    0.0                       0.0    0.0      0.0
  SINCE OCT 1    168.4                     120.3   48.1    135.4
  SINCE JUL 1    168.4                     120.3   48.1    135.4
  SNOW DEPTH       0

DEGREE DAYS
 HEATING
  YESTERDAY        7                        18    -11       25
  MONTH TO DATE   19                        36    -17       48
  SINCE MAR 1   2142                      1979    163     2432
  SINCE JUL 1   8921                      8105    816     9212

 COOLING
  YESTERDAY        0                         0      0        0
  MONTH TO DATE    0                         0      0        0
  SINCE MAR 1      0                         0      0        0
  SINCE JAN 1      0                         0      0        0
..................................................................


WIND (MPH)
  HIGHEST WIND SPEED    17   HIGHEST WIND DIRECTION    SW (210)
  HIGHEST GUST SPEED    24   HIGHEST GUST DIRECTION     W (260)
  AVERAGE WIND SPEED     4.0




RELATIVE HUMIDITY (PERCENT)
 HIGHEST    76
 LOWEST     33
 AVERAGE    55

..........................................................


THE SAULT STE MARIE MI CLIMATE NORMALS FOR TODAY
                         NORMAL    RECORD    YEAR
 MAXIMUM TEMPERATURE (F)   58        82      1934
 MINIMUM TEMPERATURE (F)   38        22      1926


SUNRISE AND SUNSET
MAY  3 2015...........SUNRISE   621 AM EDT   SUNSET   849 PM EDT
MAY  4 2015...........SUNRISE   619 AM EDT   SUNSET   850 PM EDT


-  INDICATES NEGATIVE NUMBERS.
R  INDICATES RECORD WAS SET OR TIED.
MM INDICATES DATA IS MISSING.
T  INDICATES TRACE AMOUNT.




$$
