000
CDUS43 KAPX 260544
CLIAPN


CLIMATE REPORT
NATIONAL WEATHER SERVICE GAYLORD MI
143 AM EDT SUN APR 26 2015


...................................

...THE ALPENA MI CLIMATE SUMMARY FOR APRIL 25 2015...

CLIMATE NORMAL PERIOD 1981 TO 2010
CLIMATE RECORD PERIOD 1916 TO 2015


WEATHER ITEM   OBSERVED TIME   RECORD YEAR NORMAL DEPARTURE LAST
                VALUE   (LST)  VALUE       VALUE  FROM      YEAR
                                                  NORMAL
..................................................................
TEMPERATURE (F)
 YESTERDAY
  MAXIMUM         51    536 PM  90    1990  57     -6       41
  MINIMUM         20R   535 AM  20    1963  34    -14       36
  AVERAGE         36                        46    -10       39

PRECIPITATION (IN)
  YESTERDAY        0.00          1.27 1929   0.08  -0.08     0.12
  MONTH TO DATE    2.14                      2.00   0.14     3.76
  SINCE MAR 1      3.10                      3.86  -0.76     4.93
  SINCE JAN 1      4.89                      6.84  -1.95     7.46

SNOWFALL (IN)
  YESTERDAY        0.0           0.4  1926   0.1   -0.1      0.0
  MONTH TO DATE    2.0                       5.5   -3.5      1.2
  SINCE OCT 1     48.6                      83.8  -35.2     64.0
  SINCE JUL 1     48.6                      83.8  -35.2     64.0
  SNOW DEPTH       0

DEGREE DAYS
 HEATING
  YESTERDAY       29                        20      9       26
  MONTH TO DATE  613                       610      3      668
  SINCE MAR 1   1790                      1734     56     2066
  SINCE JUL 1   8053                      7466    587     8555

 COOLING
  YESTERDAY        0                         0      0        0
  MONTH TO DATE    0                         0      0        0
  SINCE MAR 1      0                         0      0        0
  SINCE JAN 1      0                         0      0        0
..................................................................


WIND (MPH)
  HIGHEST WIND SPEED    15   HIGHEST WIND DIRECTION    SE (130)
  HIGHEST GUST SPEED    22   HIGHEST GUST DIRECTION    SE (130)
  AVERAGE WIND SPEED     5.3




RELATIVE HUMIDITY (PERCENT)
 HIGHEST    92
 LOWEST     30
 AVERAGE    61

..........................................................


THE ALPENA MI CLIMATE NORMALS FOR TODAY
                         NORMAL    RECORD    YEAR
 MAXIMUM TEMPERATURE (F)   57        89      1990
 MINIMUM TEMPERATURE (F)   35        18      1958


SUNRISE AND SUNSET
APRIL 26 2015.........SUNRISE   632 AM EDT   SUNSET   833 PM EDT
APRIL 27 2015.........SUNRISE   630 AM EDT   SUNSET   835 PM EDT


-  INDICATES NEGATIVE NUMBERS.
R  INDICATES RECORD WAS SET OR TIED.
MM INDICATES DATA IS MISSING.
T  INDICATES TRACE AMOUNT.




$$
