000
CDUS41 KBUF 052042
CLIART


CLIMATE REPORT
NATIONAL WEATHER SERVICE BUFFALO NY
441 PM EDT TUE MAY 5 2015


...................................

...THE WATERTOWN NY CLIMATE SUMMARY FOR MAY 5 2015...
VALID TODAY AS OF 0400 PM LOCAL TIME.

CLIMATE NORMAL PERIOD 1981 TO 2010
CLIMATE RECORD PERIOD 1949 TO 2015


WEATHER ITEM   OBSERVED TIME   RECORD YEAR NORMAL DEPARTURE LAST
                VALUE   (LST)  VALUE       VALUE  FROM      YEAR
                                                  NORMAL
..................................................................
TEMPERATURE (F)
 TODAY
  MAXIMUM         68    259 PM  81    1991  63      5       55
  MINIMUM         42    544 AM  25    2005  40      2       35
  AVERAGE         55                        51      4       45

PRECIPITATION (IN)
  TODAY            0.00          0.95 1993   0.09  -0.09     0.00
  MONTH TO DATE    0.06                      0.46  -0.40     0.82
  SINCE MAR 1      2.58                      5.66  -3.08     8.86
  SINCE JAN 1      5.67                     10.54  -4.87    15.96

DEGREE DAYS
 HEATING
  TODAY           10                        14     -4       20
  MONTH TO DATE   34                        73    -39       78
  SINCE MAR 1   1842                      1775     67     2002
  SINCE JUL 1   7362                      7216    146     7673

 COOLING
  TODAY            0                         0      0        0
  MONTH TO DATE    2                         0      2        0
  SINCE MAR 1      2                         1      1        0
  SINCE JAN 1      2                         1      1        0
..................................................................


WIND (MPH)
  HIGHEST WIND SPEED    15   HIGHEST WIND DIRECTION    NE (50)
  HIGHEST GUST SPEED    20   HIGHEST GUST DIRECTION    NE (30)
  AVERAGE WIND SPEED     3.5


SKY COVER
  AVERAGE SKY COVER 0.3


WEATHER CONDITIONS
 THE FOLLOWING WEATHER WAS RECORDED TODAY.
  FOG
  FOG W/VISIBILITY <= 1/4 MILE


RELATIVE HUMIDITY (PERCENT)
 HIGHEST   100           300 AM
 LOWEST     27           300 PM
 AVERAGE    64

..........................................................


THE WATERTOWN NY CLIMATE NORMALS FOR TOMORROW
                         NORMAL    RECORD    YEAR
 MAXIMUM TEMPERATURE (F)   63        81      1999
 MINIMUM TEMPERATURE (F)   40        24      1969


SUNRISE AND SUNSET
MAY  5 2015...........SUNRISE   551 AM EDT   SUNSET   812 PM EDT
MAY  6 2015...........SUNRISE   549 AM EDT   SUNSET   813 PM EDT


-  INDICATES NEGATIVE NUMBERS.
R  INDICATES RECORD WAS SET OR TIED.
MM INDICATES DATA IS MISSING.
T  INDICATES TRACE AMOUNT.

$$
