000
CDUS46 KPQR 042320
CLIAST


CLIMATE REPORT
NATIONAL WEATHER SERVICE PORTLAND OREGON
420 PM PDT MON MAY 4 2015


...................................

...THE ASTORIA OR CLIMATE SUMMARY FOR MAY 4 2015...
VALID TODAY AS OF 0400 PM LOCAL TIME.

CLIMATE NORMAL PERIOD 1981 TO 2010
CLIMATE RECORD PERIOD 1892 TO 2015


WEATHER ITEM   OBSERVED TIME   RECORD YEAR NORMAL DEPARTURE LAST
                VALUE   (LST)  VALUE       VALUE  FROM      YEAR
                                                  NORMAL
..................................................................
TEMPERATURE (F)
 TODAY
  MAXIMUM         59   1231 PM  82    2013  59      0       57
  MINIMUM         47   1233 AM  33    1969  43      4       51
                                      1922
  AVERAGE         53                        51      2       54

PRECIPITATION (IN)
  TODAY            0.00          1.60 1979   0.12  -0.12     0.65
  MONTH TO DATE    0.00                      0.50  -0.50     1.85
  SINCE OCT 1     50.99                     57.56  -6.57    46.71
  SINCE JAN 1     25.37                     30.54  -5.17    34.55

DEGREE DAYS
 HEATING
  TODAY           12                        14     -2       11
  MONTH TO DATE   50                        56     -6       32
  SINCE MAR 1    980                      1123   -143      985
  SINCE JUL 1   3520                      4465   -945     4414

 COOLING
  TODAY            0                         0      0        0
  MONTH TO DATE    0                         0      0        4
  SINCE MAR 1      2                         0      2        7
  SINCE JAN 1      2                         0      2        7
..................................................................


WIND (MPH)
  HIGHEST WIND SPEED    22   HIGHEST WIND DIRECTION    SW (230)
  HIGHEST GUST SPEED    28   HIGHEST GUST DIRECTION    SW (220)
  AVERAGE WIND SPEED     7.8


SKY COVER
  POSSIBLE SUNSHINE  MM
  AVERAGE SKY COVER 1.0


WEATHER CONDITIONS
 THE FOLLOWING WEATHER WAS RECORDED TODAY.
  NO SIGNIFICANT WEATHER WAS OBSERVED.


RELATIVE HUMIDITY (PERCENT)
 HIGHEST    93          1200 AM
 LOWEST     57          1200 PM
 AVERAGE    75

..........................................................


THE ASTORIA OR CLIMATE NORMALS FOR TOMORROW
                         NORMAL    RECORD    YEAR
 MAXIMUM TEMPERATURE (F)   59        85      2013
 MINIMUM TEMPERATURE (F)   44        33      1949


SUNRISE AND SUNSET
MAY  4 2015...........SUNRISE   558 AM PDT   SUNSET   828 PM PDT
MAY  5 2015...........SUNRISE   556 AM PDT   SUNSET   829 PM PDT


-  INDICATES NEGATIVE NUMBERS.
R  INDICATES RECORD WAS SET OR TIED.
MM INDICATES DATA IS MISSING.
T  INDICATES TRACE AMOUNT.




$$
