000
CDUS43 KABR 070055
CLIATY


CLIMATE REPORT
NATIONAL WEATHER SERVICE ABERDEEN SD
755 PM CDT WED MAY 6 2015


...................................

...THE WATERTOWN SD CLIMATE SUMMARY FOR MAY 6 2015...
VALID TODAY AS OF 0500 PM LOCAL TIME.

CLIMATE NORMAL PERIOD 1981 TO 2010
CLIMATE RECORD PERIOD 1898 TO 2015


WEATHER ITEM   OBSERVED TIME   RECORD YEAR NORMAL DEPARTURE LAST
                VALUE   (LST)  VALUE       VALUE  FROM      YEAR
                                                  NORMAL
..................................................................
TEMPERATURE (F)
 TODAY
  MAXIMUM         69    459 PM  90    1918  65      4       65
  MINIMUM         57    437 AM  17    1976  41     16       46
  AVERAGE         63                        53     10       56

PRECIPITATION (IN)
  TODAY            0.21          1.20 1968   0.08   0.13      T
  MONTH TO DATE    0.26                      0.49  -0.23     0.05
  SINCE MAR 1      1.00                      3.62  -2.62     2.61
  SINCE JAN 1      1.65                      4.70  -3.05     3.04

SNOWFALL (IN)
  TODAY            0.0
  MONTH TO DATE    0.0
  SINCE OCT 1     25.3
  SINCE JUL 1     25.3
  SNOW DEPTH       0

DEGREE DAYS
 HEATING
  TODAY            2                        12    -10        9
  MONTH TO DATE   28                        79    -51      107
  SINCE MAR 1   1510                      1819   -309     2084
  SINCE JUL 1   7902                      8230   -328     9050

 COOLING
  TODAY            0                         0      0        0
  MONTH TO DATE    0                         0      0        0
  SINCE MAR 1      0                         2     -2        0
  SINCE JAN 1      0                         2     -2        0
..................................................................


WIND (MPH)
  HIGHEST WIND SPEED    29   HIGHEST WIND DIRECTION     S (170)
  HIGHEST GUST SPEED    37   HIGHEST GUST DIRECTION     S (170)
  AVERAGE WIND SPEED    13.5


SKY COVER
  POSSIBLE SUNSHINE  MM
  AVERAGE SKY COVER 1.0


WEATHER CONDITIONS
 THE FOLLOWING WEATHER WAS RECORDED TODAY.
  HEAVY RAIN
  RAIN
  LIGHT RAIN
  FOG
  HAZE


RELATIVE HUMIDITY (PERCENT)
 HIGHEST    93           200 AM
 LOWEST     78           400 PM
 AVERAGE    86

..........................................................


THE WATERTOWN SD CLIMATE NORMALS FOR TOMORROW
                         NORMAL    RECORD    YEAR
 MAXIMUM TEMPERATURE (F)   65        93      1916
 MINIMUM TEMPERATURE (F)   41        21      1976
                                             1929


SUNRISE AND SUNSET
MAY  6 2015...........SUNRISE   611 AM CDT   SUNSET   840 PM CDT
MAY  7 2015...........SUNRISE   610 AM CDT   SUNSET   841 PM CDT


-  INDICATES NEGATIVE NUMBERS.
R  INDICATES RECORD WAS SET OR TIED.
MM INDICATES DATA IS MISSING.
T  INDICATES TRACE AMOUNT.




$$
