000
CDUS41 KGYX 060805
CLIAUG


CLIMATE REPORT
NATIONAL WEATHER SERVICE GRAY ME
405 AM EDT WED MAY 6 2015


...................................

...THE AUGUSTA CLIMATE SUMMARY FOR MAY 5 2015...

CLIMATE NORMAL PERIOD 1981 TO 2010
CLIMATE RECORD PERIOD 1948 TO 2015


WEATHER ITEM   OBSERVED TIME   RECORD YEAR NORMAL DEPARTURE LAST
                VALUE   (LST)  VALUE       VALUE  FROM      YEAR
                                                  NORMAL
..................................................................
TEMPERATURE (F)
 YESTERDAY
  MAXIMUM         72    346 PM  MM      MM  62     10       60
  MINIMUM         57   1159 PM  MM      MM  41     16       43
  AVERAGE         65                        52     13       52

PRECIPITATION (IN)
  YESTERDAY        0.00         MM      MM   0.12  -0.12     0.00
  MONTH TO DATE    0.00                      0.62  -0.62     0.67
  SINCE MAR 1      5.53                      7.78  -2.25     6.44
  SINCE JAN 1      7.80                     12.82  -5.02    11.23

DEGREE DAYS
 HEATING
  YESTERDAY        0                        14    -14       13
  MONTH TO DATE   46                        72    -26       65
  SINCE MAR 1   1888                      1733    155     1964
  SINCE JUL 1   7515                      7076    439     7470

 COOLING
  YESTERDAY        0                         0      0        0
  MONTH TO DATE    0                         0      0        0
  SINCE MAR 1      0                         0      0        0
  SINCE JAN 1      0                         0      0        0
..................................................................


WIND (MPH)
  HIGHEST WIND SPEED    21   HIGHEST WIND DIRECTION    NW (330)
  HIGHEST GUST SPEED    25   HIGHEST GUST DIRECTION     W (290)
  AVERAGE WIND SPEED     9.1


SKY COVER
  AVERAGE SKY COVER 0.2


WEATHER CONDITIONS
 THE FOLLOWING WEATHER WAS RECORDED YESTERDAY.
  NO SIGNIFICANT WEATHER WAS OBSERVED.


RELATIVE HUMIDITY (PERCENT)
 HIGHEST    60           400 AM
 LOWEST     13           200 PM
 AVERAGE    37

..........................................................


THE AUGUSTA CLIMATE NORMALS FOR TODAY
                         NORMAL
 MAXIMUM TEMPERATURE (F)   62
 MINIMUM TEMPERATURE (F)   42


SUNRISE AND SUNSET
MAY  6 2015...........SUNRISE   524 AM EDT   SUNSET   749 PM EDT
MAY  7 2015...........SUNRISE   522 AM EDT   SUNSET   750 PM EDT


-  INDICATES NEGATIVE NUMBERS.
R  INDICATES RECORD WAS SET OR TIED.
MM INDICATES DATA IS MISSING.
T  INDICATES TRACE AMOUNT.




$$
