000
CDUS43 KGRB 062138
CLIAUW


CLIMATE REPORT
NATIONAL WEATHER SERVICE GREEN BAY
437 PM CDT WED MAY 6 2015


...................................

...THE WAUSAU WI CLIMATE SUMMARY FOR MAY 6 2015...
VALID TODAY AS OF 0400 PM LOCAL TIME.

CLIMATE NORMAL PERIOD 1981 TO 2010
CLIMATE RECORD PERIOD 1896 TO 2015


WEATHER ITEM   OBSERVED TIME   RECORD YEAR NORMAL DEPARTURE LAST
                VALUE   (LST)  VALUE       VALUE  FROM      YEAR
                                                  NORMAL
..................................................................
TEMPERATURE (F)
 TODAY
  MAXIMUM         71    238 PM  88    1934  64      7       59
  MINIMUM         47    625 AM  23    1989  41      6       36
  AVERAGE         59                        52      7       48

PRECIPITATION (IN)
  TODAY            0.13          2.92 1936   0.11   0.02     0.00
  MONTH TO DATE    0.42                      0.63  -0.21     0.19
  SINCE MAR 1      4.39                      5.12  -0.73     5.21
  SINCE JAN 1      5.14                      7.06  -1.92     8.15

SNOWFALL (IN)
  TODAY            0.0           T    1989   0.0             0.0
  MONTH TO DATE    0.0                       0.1             0.0
  SINCE MAR 1      9.7                      14.2            14.7
  SINCE JUL 1     53.7                      59.5            84.3
  SNOW DEPTH       0

DEGREE DAYS
 HEATING
  TODAY            6                        13     -7       17
  MONTH TO DATE   30                        81    -51      106
  SINCE MAR 1   1631                      1797   -166     2201
  SINCE JUL 1   8211                      7933    278     9148

 COOLING
  TODAY            0                         0      0        0
  MONTH TO DATE    2                         0      2        0
  SINCE JAN 1      2                         2      0        0
..................................................................


WIND (MPH)
  HIGHEST WIND SPEED    15   HIGHEST WIND DIRECTION    SE (130)
  HIGHEST GUST SPEED    19   HIGHEST GUST DIRECTION    SE (150)
  AVERAGE WIND SPEED     8.3


SKY COVER
  POSSIBLE SUNSHINE  MM
  AVERAGE SKY COVER 0.8


WEATHER CONDITIONS
 THE FOLLOWING WEATHER WAS RECORDED TODAY.
  RAIN
  LIGHT RAIN
  FOG


RELATIVE HUMIDITY (PERCENT)
 HIGHEST    86           700 AM
 LOWEST     63           200 PM
 AVERAGE    75

..........................................................


THE WAUSAU WI CLIMATE NORMALS FOR TOMORROW
                         NORMAL    RECORD    YEAR
 MAXIMUM TEMPERATURE (F)   64        89      1896
 MINIMUM TEMPERATURE (F)   41        25      1954


SUNRISE AND SUNSET
MAY  6 2015...........SUNRISE   541 AM CDT   SUNSET   810 PM CDT
MAY  7 2015...........SUNRISE   540 AM CDT   SUNSET   811 PM CDT


-  INDICATES NEGATIVE NUMBERS.
R  INDICATES RECORD WAS SET OR TIED.
MM INDICATES DATA IS MISSING.
T  INDICATES TRACE AMOUNT.




$$
