000
CDUS41 KCTP 182118
CLIBFD


CLIMATE REPORT
NATIONAL WEATHER SERVICE STATE COLLEGE PA
517 PM EDT SAT APR 18 2015


...................................

...THE BRADFORD CLIMATE SUMMARY FOR APRIL 18 2015...
VALID TODAY AS OF 0500 PM LOCAL TIME.

CLIMATE NORMAL PERIOD 1981 TO 2010
CLIMATE RECORD PERIOD 1957 TO 2015


WEATHER ITEM   OBSERVED TIME   RECORD YEAR NORMAL DEPARTURE LAST
                VALUE   (LST)  VALUE       VALUE  FROM      YEAR
                                                  NORMAL
..................................................................
TEMPERATURE (F)
 TODAY
  MAXIMUM         71    225 PM  84    1976  56     15       63
  MINIMUM         34    516 AM  21    1983  33      1       33
  AVERAGE         53                        45      8       48

PRECIPITATION (IN)
  TODAY            0.00          0.96 1969   0.12  -0.12     0.00
  MONTH TO DATE    2.79                      2.17   0.62     2.92
  SINCE MAR 1      5.13                      5.54  -0.41     4.92
  SINCE JAN 1      7.97                     11.18  -3.21     8.45

DEGREE DAYS
 HEATING
  TODAY           12                        15     -3       17
  MONTH TO DATE  330                       330      0      382
  SINCE MAR 1   1499                      1367    132     1559
  SINCE JUL 1   7398                      6937    461     7225

 COOLING
  TODAY            0                         0      0        0
  MONTH TO DATE    0                         0      0        2
  SINCE MAR 1      0                         0      0        2
  SINCE JAN 1      0                         0      0        2
..................................................................


WIND (MPH)
  HIGHEST WIND SPEED    23   HIGHEST WIND DIRECTION    NW (310)
  HIGHEST GUST SPEED    31   HIGHEST GUST DIRECTION    NW (300)
  AVERAGE WIND SPEED     7.5


SKY COVER
  POSSIBLE SUNSHINE  MM
  AVERAGE SKY COVER 0.1


WEATHER CONDITIONS
 THE FOLLOWING WEATHER WAS RECORDED TODAY.
  FOG


RELATIVE HUMIDITY (PERCENT)
 HIGHEST   100           500 AM
 LOWEST     23           400 PM
 AVERAGE    62

..........................................................


THE BRADFORD CLIMATE NORMALS FOR TOMORROW
                         NORMAL    RECORD    YEAR
 MAXIMUM TEMPERATURE (F)   57        81      1976
 MINIMUM TEMPERATURE (F)   34        17      2001


SUNRISE AND SUNSET
APRIL 18 2015.........SUNRISE   630 AM EDT   SUNSET   758 PM EDT
APRIL 19 2015.........SUNRISE   629 AM EDT   SUNSET   800 PM EDT


-  INDICATES NEGATIVE NUMBERS.
R  INDICATES RECORD WAS SET OR TIED.
MM INDICATES DATA IS MISSING.
T  INDICATES TRACE AMOUNT.




$$
