000
CDUS44 KBMX 242120
CLIBHM


CLIMATE REPORT
NATIONAL WEATHER SERVICE BIRMINGHAM, AL
420 PM CDT FRI APR 24 2015


...................................

...THE BIRMINGHAM CLIMATE SUMMARY FOR APRIL 24 2015...
VALID AS OF 0400 PM LOCAL TIME.

CLIMATE NORMAL PERIOD 1981 TO 2010
CLIMATE RECORD PERIOD 2014 TO 2015


WEATHER ITEM   OBSERVED TIME   RECORD YEAR NORMAL DEPARTURE LAST
                VALUE   (LST)  VALUE       VALUE  FROM      YEAR
                                                  NORMAL
..................................................................
TEMPERATURE (F)
 TODAY
  MAXIMUM         76    151 PM  90    1925  76      0       84
  MINIMUM         49    314 AM  35    1986  53     -4       50
  AVERAGE         63                        65     -2       67

PRECIPITATION (IN)
  TODAY            0.00          3.08 2010   0.14  -0.14     0.16
  MONTH TO DATE    8.24                      3.51   4.73     6.77
  SINCE MAR 1     12.47                      8.74   3.73    11.49
  SINCE JAN 1     21.17                     18.11   3.06    18.42

SNOWFALL (IN)
  TODAY            0.0                       0.0    0.0      0.0
  MONTH TO DATE    0.0                       0.2   -0.2      0.0
  SINCE MAR 1      0.1                       0.8   -0.7      0.0
  SINCE JUL 1      0.8                       1.6   -0.8      5.0
  SNOW DEPTH       0

DEGREE DAYS

 COOLING
  TODAY            0                         3     -3        2
  MONTH TO DATE   69                        44     25       28
  SINCE MAR 1     74                        62     12       28
  SINCE JAN 1     74                        66      8       31
..................................................................


WIND (MPH)
  HIGHEST WIND SPEED    14   HIGHEST WIND DIRECTION    NE (60)
  HIGHEST GUST SPEED    19   HIGHEST GUST DIRECTION     E (70)
  AVERAGE WIND SPEED     4.9


SKY COVER
  AVERAGE SKY COVER 0.4


WEATHER CONDITIONS
 THE FOLLOWING WEATHER WAS RECORDED TODAY.
  NO SIGNIFICANT WEATHER WAS OBSERVED.


RELATIVE HUMIDITY (PERCENT)
 HIGHEST    83          1200 AM
 LOWEST     26          1100 AM
 AVERAGE    55

..........................................................


THE BIRMINGHAM CLIMATE NORMALS FOR TOMORROW
                         NORMAL    RECORD    YEAR
 MAXIMUM TEMPERATURE (F)   77        88      2009
                                             1896
 MINIMUM TEMPERATURE (F)   53        33      1910


SUNRISE AND SUNSET
APRIL 24 2015.........SUNRISE   606 AM CDT   SUNSET   725 PM CDT
APRIL 25 2015.........SUNRISE   605 AM CDT   SUNSET   725 PM CDT


-  INDICATES NEGATIVE NUMBERS.
R  INDICATES RECORD WAS SET OR TIED.
MM INDICATES DATA IS MISSING.
T  INDICATES TRACE AMOUNT.




$$
