000
CDUS46 KBOI 040931
CLIBKE


CLIMATE REPORT
NATIONAL WEATHER SERVICE BOISE ID
331 AM MDT MON MAY 4 2015


...................................

...THE BAKER OR CLIMATE SUMMARY FOR MAY 3 2015...

CLIMATE NORMAL PERIOD 1981 TO 2010
CLIMATE RECORD PERIOD 1948 TO 2015


WEATHER ITEM   OBSERVED TIME   RECORD YEAR NORMAL DEPARTURE LAST
                VALUE   (LST)  VALUE       VALUE  FROM      YEAR
                                                  NORMAL
..................................................................
TEMPERATURE (F)
 YESTERDAY
  MAXIMUM         72    332 PM  90    1966  63      9       66
  MINIMUM         25    453 AM  22    2001  33     -8       40
  AVERAGE         49                        48      1       53

PRECIPITATION (IN)
  YESTERDAY        0.00          0.48 2012   0.04  -0.04      T
  MONTH TO DATE    0.00                      0.12  -0.12      T
  SINCE OCT 1      4.44                      5.68  -1.24     4.44
  SINCE JAN 1      2.24                      3.17  -0.93     3.27

DEGREE DAYS
 HEATING
  YESTERDAY       16                        17     -1       12
  MONTH TO DATE   42                        53    -11       29
  SINCE MAR 1   1408                      1546   -138     1428
  SINCE JUL 1   6084                      7066   -982     6954

 COOLING
  YESTERDAY        0                         0      0        0
  MONTH TO DATE    0                         0      0        0
  SINCE MAR 1      0                         0      0        0
  SINCE JAN 1      0                         0      0        0
..................................................................


WIND (MPH)
  RESULTANT WIND SPEED   4   RESULTANT WIND DIRECTION  NW (300)
  HIGHEST WIND SPEED    16   HIGHEST WIND DIRECTION    NW (320)
  HIGHEST GUST SPEED    20   HIGHEST GUST DIRECTION    NW (320)
  AVERAGE WIND SPEED     6.5


SKY COVER
  AVERAGE SKY COVER 0.0


WEATHER CONDITIONS
 THE FOLLOWING WEATHER WAS RECORDED YESTERDAY.
  NO SIGNIFICANT WEATHER WAS OBSERVED.


RELATIVE HUMIDITY (PERCENT)
 HIGHEST   100           500 AM
 LOWEST     17           400 PM
 AVERAGE    59

..........................................................


THE BAKER OR CLIMATE NORMALS FOR TODAY
                         NORMAL    RECORD    YEAR
 MAXIMUM TEMPERATURE (F)   63        90      1966
 MINIMUM TEMPERATURE (F)   33        20      1996


SUNRISE AND SUNSET
MAY  4 2015...........SUNRISE   537 AM PDT   SUNSET   800 PM PDT
MAY  5 2015...........SUNRISE   535 AM PDT   SUNSET   801 PM PDT


-  INDICATES NEGATIVE NUMBERS.
R  INDICATES RECORD WAS SET OR TIED.
MM INDICATES DATA IS MISSING.
T  INDICATES TRACE AMOUNT.




$$
