000
CDUS46 KSEW 060829
CLIBLI


CLIMATE REPORT
NATIONAL WEATHER SERVICE SEATTLE WA
128 AM PDT WED MAY 6 2015


...................................

...THE BELLINGHAM WA AIRPORT CLIMATE SUMMARY FOR MAY 5 2015...

CLIMATE NORMAL PERIOD 1981 TO 2010
CLIMATE RECORD PERIOD 1949 TO 2015


WEATHER ITEM   OBSERVED TIME   RECORD YEAR NORMAL DEPARTURE LAST
                VALUE   (LST)  VALUE       VALUE  FROM      YEAR
                                                  NORMAL
..................................................................
TEMPERATURE (F)
 YESTERDAY
  MAXIMUM         56    406 PM  86    1953  60     -4       59
  MINIMUM         45    708 AM  31    1952  43      2       48
  AVERAGE         51                        52     -1       54

PRECIPITATION (IN)
  YESTERDAY        0.24          0.41 1993   0.08   0.16     0.25
  MONTH TO DATE    0.35                      0.40  -0.05     1.43
  SINCE OCT 1     29.05                     27.70   1.35    26.13
  SINCE JAN 1     14.32                     14.00   0.32    15.82

DEGREE DAYS
 HEATING
  YESTERDAY       14                        13      1       11
  MONTH TO DATE   67                        68     -1       43
  SINCE MAR 1   1042                      1209   -167     1058

 COOLING
  YESTERDAY        0                         0      0        0
  MONTH TO DATE    0                         0      0        0
  SINCE MAR 1      0                         0      0        0
  SINCE JAN 1      0                         0      0        0
..................................................................


WIND (MPH)
  RESULTANT WIND SPEED   7   RESULTANT WIND DIRECTION   S (160)
  HIGHEST WIND SPEED    16   HIGHEST WIND DIRECTION     S (160)
  HIGHEST GUST SPEED    22   HIGHEST GUST DIRECTION     S (160)
  AVERAGE WIND SPEED     7.4


SKY COVER
  AVERAGE SKY COVER 0.5


WEATHER CONDITIONS
 THE FOLLOWING WEATHER WAS RECORDED YESTERDAY.
  RAIN
  LIGHT RAIN
  FOG


RELATIVE HUMIDITY (PERCENT)
 HIGHEST   100           100 AM
 LOWEST     59           300 PM
 AVERAGE    80

..........................................................


THE BELLINGHAM WA AIRPORT CLIMATE NORMALS FOR TODAY
                         NORMAL    RECORD    YEAR
 MAXIMUM TEMPERATURE (F)   61        79      2013
 MINIMUM TEMPERATURE (F)   43        31      1965


SUNRISE AND SUNSET
MAY  6 2015...........SUNRISE   542 AM PDT   SUNSET   833 PM PDT
MAY  7 2015...........SUNRISE   540 AM PDT   SUNSET   834 PM PDT


-  INDICATES NEGATIVE NUMBERS.
R  INDICATES RECORD WAS SET OR TIED.
MM INDICATES DATA IS MISSING.
T  INDICATES TRACE AMOUNT.




$$
