000
CDUS44 KOHX 060627
CLIBNA

CLIMATE REPORT
NATIONAL WEATHER SERVICE NASHVILLE TN
126 AM CDT WED MAY 6 2015


...................................

...THE NASHVILLE CLIMATE SUMMARY FOR MAY 5 2015...

CLIMATE NORMAL PERIOD 1981 TO 2010
CLIMATE RECORD PERIOD 1871 TO 2015


WEATHER ITEM   OBSERVED TIME   RECORD YEAR NORMAL DEPARTURE
                VALUE   (LST)  VALUE       VALUE  FROM
                                                  NORMAL
...............................................................
TEMPERATURE (F)
 YESTERDAY
  MAXIMUM         87    114 PM  93    1952  76     11
  MINIMUM         56    537 AM  37    1957  54      2
                                      1907
  AVERAGE         72                        64      8

PRECIPITATION (IN)
  YESTERDAY        0.00          4.63 2003   0.20  -0.20
  MONTH TO DATE    0.00                      0.94  -0.94
  SINCE MAR 1     10.62                      9.05   1.57
  SINCE JAN 1     17.44                     16.74   0.70

SNOWFALL (IN)
  YESTERDAY        0.0                       0.0    0.0
  MONTH TO DATE    0.0                       0.0    0.0
  SINCE MAR 1      2.9                       0.9    2.0
  SINCE JUL 1      6.1                       6.3   -0.2
  SNOW DEPTH       0

DEGREE DAYS
 HEATING
  YESTERDAY        0                               -3
  MONTH TO DATE    9                               -7
  SINCE MAR 1    573                             -133
  SINCE JUL 1   3763                              119

 COOLING
  YESTERDAY        7                                5
  MONTH TO DATE   12                                2
  SINCE MAR 1     54                               -1
  SINCE JAN 1     54                               -1
...............................................................


WIND (MPH)
  HIGHEST WIND SPEED    14   HIGHEST WIND DIRECTION     S (180)
  HIGHEST GUST SPEED    21   HIGHEST GUST DIRECTION    SE (150)
  AVERAGE WIND SPEED     4.0




RELATIVE HUMIDITY (PERCENT)
 HIGHEST    86
 LOWEST     29
 AVERAGE    58

..........................................................


THE NASHVILLE CLIMATE NORMALS FOR TODAY
                         NORMAL    RECORD    YEAR
 MAXIMUM TEMPERATURE (F)   76        92      1949
 MINIMUM TEMPERATURE (F)   54        35      1968


SUNRISE AND SUNSET
MAY  6 2015...........SUNRISE   549 AM CDT   SUNSET   738 PM CDT
MAY  7 2015...........SUNRISE   548 AM CDT   SUNSET   739 PM CDT


-  INDICATES NEGATIVE NUMBERS.
R  INDICATES RECORD WAS SET OR TIED.
MM INDICATES DATA IS MISSING.
T  INDICATES TRACE AMOUNT.




$$
