000
CDUS41 KBOX 190549
CLIBOS


CLIMATE REPORT
NATIONAL WEATHER SERVICE TAUNTON MA
140 AM EDT SUN APR 19 2015


...................................

...THE BOSTON MA CLIMATE SUMMARY FOR APRIL 18 2015...

CLIMATE NORMAL PERIOD 1981 TO 2010
CLIMATE RECORD PERIOD 1872 TO 2015


WEATHER ITEM   OBSERVED TIME   RECORD YEAR NORMAL DEPARTURE LAST
                VALUE   (LST)  VALUE       VALUE  FROM      YEAR
                                                  NORMAL
..................................................................
TEMPERATURE (F)
 YESTERDAY
  MAXIMUM         60    757 AM  94    1976  57      3       42
  MINIMUM         43   1016 PM  26    1887  42      1       31
                                      1875
  AVERAGE         52                        49      3       37

PRECIPITATION (IN)
  YESTERDAY        0.00          1.90 1879   0.11  -0.11     0.00
  MONTH TO DATE    0.96                      2.39  -1.43     2.26
  SINCE MAR 1      4.01                      6.71  -2.70     6.74
  SINCE JAN 1     10.95                     13.32  -2.37    14.11

SNOWFALL (IN)
  YESTERDAY        0.0           1.6  1965   0.1   -0.1      0.0
  MONTH TO DATE    T                         1.7   -1.7      0.3
  SINCE MAR 1      8.6                       9.5   -0.9      2.5
  SINCE JUL 1    110.6                      43.6   67.0     58.9
  SNOW DEPTH      MM

DEGREE DAYS
 HEATING
  YESTERDAY       13                        16     -3       28
  MONTH TO DATE  315                       342    -27      306
  SINCE MAR 1   1292                      1171    121     1276
  SINCE JUL 1   5607                      5213    394     5424

 COOLING
  YESTERDAY        0                         0      0        0
  MONTH TO DATE    0                         0      0        1
  SINCE MAR 1      0                         0      0        1
  SINCE JAN 1      0                         0      0        1
..................................................................


WIND (MPH)
  RESULTANT WIND SPEED   4   RESULTANT WIND DIRECTION   N (20)
  HIGHEST WIND SPEED    28   HIGHEST WIND DIRECTION     N (10)
  HIGHEST GUST SPEED    35   HIGHEST GUST DIRECTION     N (10)
  AVERAGE WIND SPEED     8.8


SKY COVER
  POSSIBLE SUNSHINE  MM
  AVERAGE SKY COVER 0.1


WEATHER CONDITIONS
 THE FOLLOWING WEATHER WAS RECORDED YESTERDAY.
  NO SIGNIFICANT WEATHER WAS OBSERVED.


RELATIVE HUMIDITY (PERCENT)
 HIGHEST    89           800 PM
 LOWEST     47          1000 AM
 AVERAGE    68

..........................................................


THE BOSTON MA CLIMATE NORMALS FOR TODAY
                         NORMAL    RECORD    YEAR
 MAXIMUM TEMPERATURE (F)   57        87      1914
 MINIMUM TEMPERATURE (F)   42        22      1875


SUNRISE AND SUNSET
APRIL 19 2015.........SUNRISE   557 AM EDT   SUNSET   730 PM EDT
APRIL 20 2015.........SUNRISE   556 AM EDT   SUNSET   731 PM EDT


-  INDICATES NEGATIVE NUMBERS.
R  INDICATES RECORD WAS SET OR TIED.
MM INDICATES DATA IS MISSING.
T  INDICATES TRACE AMOUNT.




$$
