000
CDUS45 KRIW 260740
CLIBPI


CLIMATE REPORT
NATIONAL WEATHER SERVICE RIVERTON WY
136 AM MDT SUN APR 26 2015


...................................

...THE BIG PINEY WY CLIMATE SUMMARY FOR APRIL 25 2015...

CLIMATE NORMAL PERIOD 1981 TO 2010
CLIMATE RECORD PERIOD 1976 TO 2015


WEATHER ITEM   OBSERVED TIME   RECORD YEAR NORMAL DEPARTURE LAST
                VALUE   (LST)  VALUE       VALUE  FROM      YEAR
                                                  NORMAL
..................................................................
TEMPERATURE (F)
 YESTERDAY
  MAXIMUM         51    349 PM  71    2012  55     -4       56
  MINIMUM         32    554 AM  14    2000  24      8       29
  AVERAGE         42                        40      2       43

PRECIPITATION (IN)
  YESTERDAY        0.13          0.26 1999   0.02   0.11     0.03
  MONTH TO DATE    0.38                      0.41  -0.03     0.05
  SINCE MAR 1      0.44                      0.85  -0.41     0.17
  SINCE JAN 1      0.50                      1.51  -1.01     0.21

DEGREE DAYS
 HEATING
  YESTERDAY       23                        25     -2       22
  MONTH TO DATE  691                       713    -22      713
  SINCE MAR 1   1621                      1885   -264     1772
  SINCE JUL 1   7721                      9408  -1687     8716

 COOLING
  YESTERDAY        0                         0      0        0
  MONTH TO DATE    0                         0      0        0
  SINCE MAR 1      0                         0      0        0
  SINCE JAN 1      0                         0      0        0
..................................................................


WIND (MPH)
  HIGHEST WIND SPEED    21   HIGHEST WIND DIRECTION     S (190)
  HIGHEST GUST SPEED    25   HIGHEST GUST DIRECTION    SE (140)
  AVERAGE WIND SPEED     5.1


SKY COVER
  POSSIBLE SUNSHINE  MM
  AVERAGE SKY COVER 0.7


WEATHER CONDITIONS
 THE FOLLOWING WEATHER WAS RECORDED YESTERDAY.
  RAIN
  LIGHT RAIN
  FOG


RELATIVE HUMIDITY (PERCENT)
 HIGHEST    96           300 AM
 LOWEST     29           400 PM
 AVERAGE    63

..........................................................


THE BIG PINEY WY CLIMATE NORMALS FOR TODAY
                         NORMAL    RECORD    YEAR
 MAXIMUM TEMPERATURE (F)   56        71      2001
 MINIMUM TEMPERATURE (F)   24         9      1984


SUNRISE AND SUNSET
APRIL 26 2015.........SUNRISE   622 AM MDT   SUNSET   815 PM MDT
APRIL 27 2015.........SUNRISE   621 AM MDT   SUNSET   816 PM MDT


-  INDICATES NEGATIVE NUMBERS.
R  INDICATES RECORD WAS SET OR TIED.
MM INDICATES DATA IS MISSING.
T  INDICATES TRACE AMOUNT.




$$
