000
CDUS43 KGRR 032135
CLIBTL


CLIMATE REPORT
NATIONAL WEATHER SERVICE GRAND RAPIDS, MI
534 PM EDT SUN MAY 3 2015


...................................

...THE BATTLE CREEK MI CLIMATE SUMMARY FOR MAY 3 2015...
VALID TODAY AS OF 0500 PM LOCAL TIME.

CLIMATE NORMAL PERIOD 1981 TO 2010
CLIMATE RECORD PERIOD 1998 TO 2015


WEATHER ITEM   OBSERVED TIME   NORMAL DEPARTURE LAST
                VALUE   (LST)  VALUE  FROM      YEAR
                                      NORMAL
......................................................
TEMPERATURE (F)
 TODAY
  MAXIMUM         79    256 PM  67     12       62
  MINIMUM         49    516 AM  42      7       48
  AVERAGE         64            54     10       55

PRECIPITATION (IN)
  TODAY            0.00          0.11  -0.11     0.03
  MONTH TO DATE    0.00          0.33  -0.33     0.14
  SINCE MAR 1      2.07          5.04  -2.97     3.43
  SINCE JAN 1      3.08          8.04  -4.96     4.96

DEGREE DAYS
 HEATING
  TODAY            1            11    -10       10
  MONTH TO DATE   15            34    -19       46
  SINCE MAR 1   1451          1458     -7     1732
  SINCE JUL 1   6656          6423    233     7186

 COOLING
  TODAY            0             0      0        0
  MONTH TO DATE    0             0      0        0
  SINCE MAR 1      0             7     -7        0
  SINCE JAN 1      0             7     -7        0
......................................................


WIND (MPH)
  RESULTANT WIND SPEED  10   RESULTANT WIND DIRECTION  SW (210)
  HIGHEST WIND SPEED    22   HIGHEST WIND DIRECTION    SW (230)
  HIGHEST GUST SPEED    27   HIGHEST GUST DIRECTION     S (200)
  AVERAGE WIND SPEED    10.3


SKY COVER
  AVERAGE SKY COVER 0.2


WEATHER CONDITIONS
 THE FOLLOWING WEATHER WAS RECORDED TODAY.
  NO SIGNIFICANT WEATHER WAS OBSERVED.


RELATIVE HUMIDITY (PERCENT)
 HIGHEST    64          1200 AM
 LOWEST     30           200 PM
 AVERAGE    47

..........................................................


THE BATTLE CREEK MI CLIMATE NORMALS FOR TOMORROW
                         NORMAL
 MAXIMUM TEMPERATURE (F)   67
 MINIMUM TEMPERATURE (F)   42


SUNRISE AND SUNSET
MAY  3 2015...........SUNRISE   634 AM EDT   SUNSET   842 PM EDT
MAY  4 2015...........SUNRISE   633 AM EDT   SUNSET   843 PM EDT


-  INDICATES NEGATIVE NUMBERS.
R  INDICATES RECORD WAS SET OR TIED.
MM INDICATES DATA IS MISSING.
T  INDICATES TRACE AMOUNT.




$$

63
