000
CDUS42 KCAE 060603
CLICAE


CLIMATE REPORT
NATIONAL WEATHER SERVICE COLUMBIA SC
202 AM EDT WED MAY 6 2015


...................................

...THE COLUMBIA METRO AIRPORT SC CLIMATE SUMMARY FOR MAY 5 2015...

CLIMATE NORMAL PERIOD 1981 TO 2010
CLIMATE RECORD PERIOD 1887 TO 2015


WEATHER ITEM   OBSERVED TIME   RECORD YEAR NORMAL DEPARTURE LAST
                VALUE   (LST)  VALUE       VALUE  FROM      YEAR
                                                  NORMAL
..................................................................
TEMPERATURE (F)
 YESTERDAY
  MAXIMUM         83    410 PM  95    2014  81      2       95
                                      2012
                                      1955
  MINIMUM         54    609 AM  38    1973  56     -2       58
  AVERAGE         69                        68      1       77

PRECIPITATION (IN)
  YESTERDAY        0.00          4.20 1991   0.09  -0.09     0.00
  MONTH TO DATE    T                         0.46  -0.46     0.02
  SINCE MAR 1      6.81                      6.81   0.00     6.94
  SINCE JAN 1     14.17                     14.00   0.17    13.26

SNOWFALL (IN)
  YESTERDAY        0.0          MM      MM   0.0             0.0
  MONTH TO DATE    0.0                       0.0             0.0
  SINCE MAR 1      0.0                       0.1             0.0
  SINCE JUL 1      T                         1.5             4.2

DEGREE DAYS
 HEATING
  YESTERDAY        0                         1     -1        0
  MONTH TO DATE    6                         7     -1        2
  SINCE MAR 1    274                       439   -165      468
  SINCE JUL 1   2463                      2538    -75     2552

 COOLING
  YESTERDAY        4                         5     -1       12
  MONTH TO DATE    9                        22    -13       22
  SINCE MAR 1    152                       113     39      123
  SINCE JAN 1    152                       117     35      130
..................................................................


WIND (MPH)
  HIGHEST WIND SPEED    17   HIGHEST WIND DIRECTION    SE (120)
  HIGHEST GUST SPEED    23   HIGHEST GUST DIRECTION     E (110)
  AVERAGE WIND SPEED     4.6


SKY COVER
  AVERAGE SKY COVER 0.2


WEATHER CONDITIONS
 THE FOLLOWING WEATHER WAS RECORDED YESTERDAY.
  NO SIGNIFICANT WEATHER WAS OBSERVED.


RELATIVE HUMIDITY (PERCENT)
 HIGHEST    89           500 AM
 LOWEST     33           500 PM
 AVERAGE    61

..........................................................


THE COLUMBIA METRO AIRPORT SC CLIMATE NORMALS FOR TODAY
                         NORMAL    RECORD    YEAR
 MAXIMUM TEMPERATURE (F)   82        97      1977
 MINIMUM TEMPERATURE (F)   56        41      1973


SUNRISE AND SUNSET
MAY  6 2015...........SUNRISE   631 AM EDT   SUNSET   812 PM EDT
MAY  7 2015...........SUNRISE   630 AM EDT   SUNSET   813 PM EDT


-  INDICATES NEGATIVE NUMBERS.
R  INDICATES RECORD WAS SET OR TIED.
MM INDICATES DATA IS MISSING.
T  INDICATES TRACE AMOUNT.




$$
