000
CDUS43 KDVN 260914
CLICID


CLIMATE REPORT
NATIONAL WEATHER SERVICE QUAD CITIES IA IL
413 AM CDT SUN APR 26 2015


...................................

...THE CEDAR RAPIDS IA CLIMATE SUMMARY FOR APRIL 25 2015...

CLIMATE NORMAL PERIOD 1981 TO 2010
CLIMATE RECORD PERIOD 1891 TO 2015


WEATHER ITEM   OBSERVED TIME   RECORD YEAR NORMAL DEPARTURE LAST
                VALUE   (LST)  VALUE       VALUE  FROM      YEAR
                                                  NORMAL
..................................................................
TEMPERATURE (F)
 YESTERDAY
  MAXIMUM         51    336 PM  89    1896  65    -14       71
  MINIMUM         41    250 AM  20    1934  41      0       36
  AVERAGE         46                        53     -7       54

PRECIPITATION (IN)
  YESTERDAY        0.22         MM      MM   0.11   0.11     0.00
  MONTH TO DATE    3.72                      2.45   1.27     5.82
  SINCE MAR 1      4.24                      4.55  -0.31     6.21
  SINCE JAN 1      5.57                      6.69  -1.12     7.96

DEGREE DAYS
 HEATING
  YESTERDAY       19                        13      6       11
  MONTH TO DATE  359                       425    -66      442
  SINCE MAR 1   1230                      1306    -76     1512
  SINCE JUL 1   6757                      6589    168     7551

 COOLING
  YESTERDAY        0                         0      0        0
  MONTH TO DATE    0                         0      0        7
  SINCE MAR 1      0                         0      0        7
  SINCE JAN 1      0                         0      0        7
..................................................................


WIND (MPH)
  HIGHEST WIND SPEED    32   HIGHEST WIND DIRECTION    NE (60)
  HIGHEST GUST SPEED    40   HIGHEST GUST DIRECTION    NE (50)
  AVERAGE WIND SPEED    17.7


SKY COVER
  POSSIBLE SUNSHINE  MM
  AVERAGE SKY COVER 1.0


WEATHER CONDITIONS
 THE FOLLOWING WEATHER WAS RECORDED YESTERDAY.
  RAIN
  LIGHT RAIN
  FOG
  HAZE


RELATIVE HUMIDITY (PERCENT)
 HIGHEST   100           200 AM
 LOWEST     71           700 PM
 AVERAGE    86

..........................................................


THE CEDAR RAPIDS IA CLIMATE NORMALS FOR TODAY
                         NORMAL    RECORD    YEAR
 MAXIMUM TEMPERATURE (F)   65        86      1986
 MINIMUM TEMPERATURE (F)   42        24      1907


SUNRISE AND SUNSET
APRIL 26 2015.........SUNRISE   610 AM CDT   SUNSET   800 PM CDT
APRIL 27 2015.........SUNRISE   609 AM CDT   SUNSET   801 PM CDT


-  INDICATES NEGATIVE NUMBERS.
R  INDICATES RECORD WAS SET OR TIED.
MM INDICATES DATA IS MISSING.
T  INDICATES TRACE AMOUNT.




$$
