000
CDUS44 KHGX 252139
CLICLL


CLIMATE REPORT
NATIONAL WEATHER SERVICE HOUSTON/GALVESTON TX
438 PM CDT SAT APR 25 2015


...................................

...THE COLLEGE STATION CLIMATE SUMMARY FOR APRIL 25 2015...
VALID TODAY AS OF 400 PM LOCAL TIME.

CLIMATE NORMAL PERIOD 1981 TO 2010
CLIMATE RECORD PERIOD 1902 TO 2015


WEATHER ITEM   OBSERVED TIME   RECORD YEAR NORMAL DEPARTURE LAST
                VALUE   (LST)  VALUE       VALUE  FROM      YEAR
                                                  NORMAL
..................................................................
TEMPERATURE (F)
 TODAY
  MAXIMUM         89    259 PM  92    1925  81      8       87
  MINIMUM         69    845 AM  37    1910  61      8       62
  AVERAGE         79                        71      8       75

PRECIPITATION (IN)
  TODAY            0.15          2.03 1948   0.11   0.04      T
  MONTH TO DATE    3.62                      2.11   1.51     1.23
  SINCE MAR 1      9.45                      5.28   4.17     2.84
  SINCE JAN 1     16.86                     11.37   5.49     5.02

SNOWFALL (IN)
  TODAY            0.0
  MONTH TO DATE    0.0
  SINCE JUL 1      T

DEGREE DAYS
 HEATING
  TODAY            0                         1     -1        0
  MONTH TO DATE    9                        45    -36       59
  SINCE MAR 1    220                       217      3      328
  SINCE JUL 1   1761                      1604    157     2052

 COOLING
  TODAY           14                         6      8       10
  MONTH TO DATE  171                       116     55      120
  SINCE MAR 1    217                       175     42      143
  SINCE JAN 1    218                       203     15      164
..................................................................


WIND (MPH)
  HIGHEST WIND SPEED    15   HIGHEST WIND DIRECTION     W (250)
  HIGHEST GUST SPEED    18   HIGHEST GUST DIRECTION     W (270)
  AVERAGE WIND SPEED     6.7


SKY COVER
  AVERAGE SKY COVER 0.1


WEATHER CONDITIONS
 THE FOLLOWING WEATHER WAS RECORDED TODAY.
  THUNDERSTORM
  RAIN
  LIGHT RAIN
  FOG


RELATIVE HUMIDITY (PERCENT)
 HIGHEST    93           300 AM
 LOWEST     32           300 PM
 AVERAGE    63

..........................................................


THE COLLEGE STATION CLIMATE NORMALS FOR TOMORROW
                         NORMAL    RECORD    YEAR
 MAXIMUM TEMPERATURE (F)   81        93      1933
 MINIMUM TEMPERATURE (F)   61        42      1910


SUNRISE AND SUNSET
APRIL 25 2015.........SUNRISE   648 AM CDT   SUNSET   800 PM CDT
APRIL 26 2015.........SUNRISE   647 AM CDT   SUNSET   800 PM CDT


-  INDICATES NEGATIVE NUMBERS.
R  INDICATES RECORD WAS SET OR TIED.
MM INDICATES DATA IS MISSING.
T  INDICATES TRACE AMOUNT.

$$
