000
CDUS42 KGSP 270636
CLICLT

CLIMATE REPORT
NATIONAL WEATHER SERVICE GREENVILLE-SPARTANBURG SC
233 AM EDT MON APR 27 2015


...................................

...THE CHARLOTTE NC CLIMATE SUMMARY FOR APRIL 26 2015...

CLIMATE NORMAL PERIOD 1981 TO 2010
CLIMATE RECORD PERIOD 1878 TO 2015


WEATHER ITEM   OBSERVED TIME   RECORD YEAR NORMAL DEPARTURE LAST
                VALUE   (LST)  VALUE       VALUE  FROM      YEAR
                                                  NORMAL
..................................................................
TEMPERATURE (F)
 YESTERDAY
  MAXIMUM         58    435 PM  92    1915  75    -17       80
  MINIMUM         48    646 AM  34    1910  50     -2       44
  AVERAGE         53                        62     -9       62

PRECIPITATION (IN)
  YESTERDAY        T             2.34 1979   0.10  -0.10     0.00
  MONTH TO DATE    6.14                      2.66   3.48     6.43
  SINCE MAR 1      8.33                      6.67   1.66    10.91
  SINCE JAN 1     14.15                     13.40   0.75    17.83

SNOWFALL (IN)
  YESTERDAY        0.0           0.0    MM   0.0    0.0      0.0
  MONTH TO DATE    0.0                       0.0    0.0      0.0
  SINCE MAR 1      0.0                       0.6   -0.6       T
  SINCE JUL 1      3.1                       4.3   -1.2      9.3
  SNOW DEPTH       0

DEGREE DAYS
 HEATING
  YESTERDAY       12                         4      8        3
  MONTH TO DATE   99                       183    -84      145
  SINCE MAR 1    435                       616   -181      686
  SINCE JUL 1   3206                      3315   -109     3362

 COOLING
  YESTERDAY        0                         2     -2        0
  MONTH TO DATE   56                        28     28       23
  SINCE MAR 1     63                        33     30       23
  SINCE JAN 1     63                        33     30       24
..................................................................


WIND (MPH)
  HIGHEST WIND SPEED    15   HIGHEST WIND DIRECTION    NE (40)
  HIGHEST GUST SPEED    23   HIGHEST GUST DIRECTION    NE (40)
  AVERAGE WIND SPEED     6.6


SKY COVER
  POSSIBLE SUNSHINE  MM
  AVERAGE SKY COVER 1.0


WEATHER CONDITIONS
 THE FOLLOWING WEATHER WAS RECORDED YESTERDAY.
  LIGHT RAIN
  FOG


RELATIVE HUMIDITY (PERCENT)
 HIGHEST    93           200 AM
 LOWEST     66           500 PM
 AVERAGE    80

..........................................................


THE CHARLOTTE NC CLIMATE NORMALS FOR TODAY
                         NORMAL    RECORD    YEAR
 MAXIMUM TEMPERATURE (F)   75        90      1989
                                             1981
 MINIMUM TEMPERATURE (F)   50        37      1976
                                             1972


SUNRISE AND SUNSET
APRIL 27 2015.........SUNRISE   637 AM EDT   SUNSET   806 PM EDT
APRIL 28 2015.........SUNRISE   636 AM EDT   SUNSET   807 PM EDT


-  INDICATES NEGATIVE NUMBERS.
R  INDICATES RECORD WAS SET OR TIED.
MM INDICATES DATA IS MISSING.
T  INDICATES TRACE AMOUNT.




$$
