000
CDUS41 KGYX 050805
CLICON


CLIMATE REPORT
NATIONAL WEATHER SERVICE GRAY ME
405 AM EDT TUE MAY 5 2015


...................................

...THE CONCORD NH CLIMATE SUMMARY FOR MAY 4 2015...

CLIMATE NORMAL PERIOD 1981 TO 2010
CLIMATE RECORD PERIOD 1868 TO 2015


WEATHER ITEM   OBSERVED TIME   RECORD YEAR NORMAL DEPARTURE LAST
                VALUE   (LST)  VALUE       VALUE  FROM      YEAR
                                                  NORMAL
..................................................................
TEMPERATURE (F)
 YESTERDAY
  MAXIMUM         87    307 PM  92    1944  65     22       58
  MINIMUM         42    443 AM  22    1946  39      3       43
  AVERAGE         65                        52     13       51

PRECIPITATION (IN)
  YESTERDAY        0.00          1.80 1940   0.12  -0.12     0.03
  MONTH TO DATE    0.00                      0.46  -0.46     0.96
  SINCE MAR 1      3.74                      7.14  -3.40     7.81
  SINCE JAN 1      9.80                     12.46  -2.66    15.13

SNOWFALL (IN)
  YESTERDAY        0.0           T    1986   0.1   -0.1      0.0
  MONTH TO DATE    0.0                       0.1   -0.1      0.0
  SINCE MAR 1      7.9                      14.0   -6.1     10.6
  SINCE JUL 1     92.1                      61.5   30.6     80.4
  SNOW DEPTH       0

DEGREE DAYS
 HEATING
  YESTERDAY        0                        13    -13       14
  MONTH TO DATE   34                        55    -21       53
  SINCE MAR 1   1791                      1642    149     1886
  SINCE JUL 1   7245                      6902    343     7355

 COOLING
  YESTERDAY        0                         0      0        0
  MONTH TO DATE    0                         0      0        0
  SINCE MAR 1      0                         2     -2        0
  SINCE JAN 1      0                         2     -2        0
..................................................................


WIND (MPH)
  RESULTANT WIND SPEED   6   RESULTANT WIND DIRECTION  SW (220)
  HIGHEST WIND SPEED    21   HIGHEST WIND DIRECTION    SW (210)
  HIGHEST GUST SPEED    28   HIGHEST GUST DIRECTION    SW (210)
  AVERAGE WIND SPEED     6.8


SKY COVER
  AVERAGE SKY COVER 0.2


WEATHER CONDITIONS
 THE FOLLOWING WEATHER WAS RECORDED YESTERDAY.
  NO SIGNIFICANT WEATHER WAS OBSERVED.


RELATIVE HUMIDITY (PERCENT)
 HIGHEST    89           500 AM
 LOWEST     16          1200 PM
 AVERAGE    53

..........................................................


THE CONCORD NH CLIMATE NORMALS FOR TODAY
                         NORMAL    RECORD    YEAR
 MAXIMUM TEMPERATURE (F)   66        91      1944
 MINIMUM TEMPERATURE (F)   39        25      1966


SUNRISE AND SUNSET
MAY  5 2015...........SUNRISE   534 AM EDT   SUNSET   752 PM EDT
MAY  6 2015...........SUNRISE   533 AM EDT   SUNSET   753 PM EDT


-  INDICATES NEGATIVE NUMBERS.
R  INDICATES RECORD WAS SET OR TIED.
MM INDICATES DATA IS MISSING.
T  INDICATES TRACE AMOUNT.




$$
