000
CDUS42 KILM 030850
CLICRE


CLIMATE REPORT
NATIONAL WEATHER SERVICE WILMINGTON NC
449 AM EDT SUN MAY 3 2015


...................................

...THE NORTH MYRTLE BEACH SC CLIMATE SUMMARY FOR MAY 2 2015...

CLIMATE NORMAL PERIOD 1981 TO 2010
CLIMATE RECORD PERIOD 1949 TO 2015


WEATHER ITEM   OBSERVED TIME   RECORD YEAR NORMAL DEPARTURE LAST
                VALUE   (LST)  VALUE       VALUE  FROM      YEAR
                                                  NORMAL
..................................................................
TEMPERATURE (F)
 YESTERDAY
  MAXIMUM         76    114 PM  90    1952  76      0       69
  MINIMUM         50    605 AM  48    2006  57     -7       61
                                      1955
  AVERAGE         63                        66     -3       65

PRECIPITATION (IN)
  YESTERDAY        0.00                      0.10  -0.10      T
  MONTH TO DATE    T                         0.19  -0.19      T
  SINCE MAR 1      6.07                      7.07  -1.00     7.27
  SINCE JAN 1     13.26                     14.18  -0.92    11.39

DEGREE DAYS
 HEATING
  YESTERDAY        2                         2      0        0
  MONTH TO DATE    7                         4      3        0
  SINCE MAR 1    362                       483   -121      553
  SINCE JUL 1   2417                      2427    -10     2577

 COOLING
  YESTERDAY        0                         3     -3        0
  MONTH TO DATE    0                         6     -6       10
  SINCE MAR 1     52                        48      4       52
  SINCE JAN 1     53                        48      5       52
..................................................................


WIND (MPH)
  HIGHEST WIND SPEED    14   HIGHEST WIND DIRECTION    SW (220)
  HIGHEST GUST SPEED    16   HIGHEST GUST DIRECTION    NW (330)
  AVERAGE WIND SPEED     6.5


SKY COVER
  POSSIBLE SUNSHINE  MM
  AVERAGE SKY COVER 0.3


WEATHER CONDITIONS
 THE FOLLOWING WEATHER WAS RECORDED YESTERDAY.
  FOG


RELATIVE HUMIDITY (PERCENT)
 HIGHEST    93           200 AM
 LOWEST     41           100 PM
 AVERAGE    67

..........................................................


THE NORTH MYRTLE BEACH SC CLIMATE NORMALS FOR TODAY
                         NORMAL    RECORD    YEAR
 MAXIMUM TEMPERATURE (F)   76        87      2002
                                             1991
 MINIMUM TEMPERATURE (F)   57        48      1995


SUNRISE AND SUNSET
MAY  3 2015...........SUNRISE   624 AM EDT   SUNSET   800 PM EDT
MAY  4 2015...........SUNRISE   623 AM EDT   SUNSET   800 PM EDT


-  INDICATES NEGATIVE NUMBERS.
R  INDICATES RECORD WAS SET OR TIED.
MM INDICATES DATA IS MISSING.
T  INDICATES TRACE AMOUNT.




$$
