000
CDUS41 KILN 182052
CLICVG


CLIMATE REPORT
NATIONAL WEATHER SERVICE WILMINGTON OH
452 PM EDT SAT APR 18 2015


...................................

...THE CINCINNATI OH CLIMATE SUMMARY FOR APRIL 18 2015...
VALID TODAY AS OF 0400 PM LOCAL TIME.

CLIMATE NORMAL PERIOD 1981 TO 2010
CLIMATE RECORD PERIOD 1869 TO 2015


WEATHER ITEM   OBSERVED TIME   RECORD YEAR NORMAL DEPARTURE LAST
                VALUE   (LST)  VALUE       VALUE  FROM      YEAR
                                                  NORMAL
..................................................................
TEMPERATURE (F)
 TODAY
  MAXIMUM         78    330 PM  87    1896  66     12       71
  MINIMUM         51    628 AM  18    1875  45      6       40
  AVERAGE         65                        55     10       56

PRECIPITATION (IN)
  TODAY            0.00          1.93 1887   0.13  -0.13     0.00
  MONTH TO DATE    3.43                      2.27   1.16     4.84
  SINCE MAR 1      9.75                      6.23   3.52     7.25
  SINCE JAN 1     13.90                     12.04   1.86    12.79

SNOWFALL (IN)
  TODAY            0.0           3.3  1953   0.1   -0.1      0.0
  MONTH TO DATE    0.0                       0.5   -0.5      0.6
  SINCE MAR 1      4.9                       3.5    1.4      3.9
  SINCE JUL 1     29.9                      22.1    7.8     47.5
  SNOW DEPTH       0

DEGREE DAYS
 HEATING
  TODAY            0                        11    -11        9
  MONTH TO DATE  118                       238   -120      211
  SINCE MAR 1    823                       904    -81      993
  SINCE JUL 1   5050                      4731    319     5237

 COOLING
  TODAY            0                         1     -1        0
  MONTH TO DATE    5                         6     -1        7
  SINCE MAR 1      5                         6     -1        7
  SINCE JAN 1      5                         6     -1        7
..................................................................


WIND (MPH)
  HIGHEST WIND SPEED    15   HIGHEST WIND DIRECTION     E (70)
  HIGHEST GUST SPEED    21   HIGHEST GUST DIRECTION     E (100)
  AVERAGE WIND SPEED     3.7


SKY COVER
  POSSIBLE SUNSHINE  MM
  AVERAGE SKY COVER 0.5


WEATHER CONDITIONS
 THE FOLLOWING WEATHER WAS RECORDED TODAY.
  NO SIGNIFICANT WEATHER WAS OBSERVED.


RELATIVE HUMIDITY (PERCENT)
 HIGHEST    77           700 AM
 LOWEST     32           300 PM
 AVERAGE    55

..........................................................


THE CINCINNATI OH CLIMATE NORMALS FOR TOMORROW
                         NORMAL    RECORD    YEAR
 MAXIMUM TEMPERATURE (F)   66        85      1976
 MINIMUM TEMPERATURE (F)   45        25      1983


SUNRISE AND SUNSET
APRIL 18 2015.........SUNRISE   658 AM EDT   SUNSET   819 PM EDT
APRIL 19 2015.........SUNRISE   657 AM EDT   SUNSET   820 PM EDT


-  INDICATES NEGATIVE NUMBERS.
R  INDICATES RECORD WAS SET OR TIED.
MM INDICATES DATA IS MISSING.
T  INDICATES TRACE AMOUNT.




$$
