000
CDUS45 KCYS 260732
CLICYS


CLIMATE REPORT
NATIONAL WEATHER SERVICE CHEYENNE WY
131 AM MDT SUN APR 26 2015


...................................

...THE CHEYENNE WYOMING AIRPORT CLIMATE SUMMARY FOR APRIL 25 2015...

CLIMATE NORMAL PERIOD 1981 TO 2010
CLIMATE RECORD PERIOD 1871 TO 2015


WEATHER ITEM   OBSERVED TIME   RECORD YEAR NORMAL DEPARTURE LAST
                VALUE   (LST)  VALUE       VALUE  FROM      YEAR
                                                  NORMAL
..................................................................
TEMPERATURE (F)
 YESTERDAY
  MAXIMUM         63    113 PM  77    1962  58      5       66
                                      1891
  MINIMUM         37    541 AM  14    1924  33      4       38
  AVERAGE         50                        46      4       52

PRECIPITATION (IN)
  YESTERDAY        0.08          1.07 1999   0.07   0.01     0.00
  MONTH TO DATE    2.27                      1.44   0.83     0.64
  SINCE JAN 1      3.14                      3.29  -0.15     3.70

SNOWFALL (IN)
  YESTERDAY        0.0           9.0  1935   0.3   -0.3      0.0
  MONTH TO DATE   13.5                       9.1    4.4      6.1
  SINCE JUL 1     48.2                      56.9   -8.7     77.6
  SNOW DEPTH       0

DEGREE DAYS
 HEATING
  YESTERDAY       15                        19     -4       13
  MONTH TO DATE  541                       573    -32      512
  SINCE MAR 1   1249                      1474   -225     1385
  SINCE JUL 1   5895                      6493   -598     6589

 COOLING
  YESTERDAY        0                         0      0        0
  MONTH TO DATE    0                         0      0        0
  SINCE MAR 1      0                         0      0        0
  SINCE JAN 1      0                         0      0        0
..................................................................


WIND (MPH)
  HIGHEST WIND SPEED    23   HIGHEST WIND DIRECTION     W (280)
  HIGHEST GUST SPEED    29   HIGHEST GUST DIRECTION     W (280)
  AVERAGE WIND SPEED     8.9


SKY COVER
  AVERAGE SKY COVER 0.5


WEATHER CONDITIONS
 THE FOLLOWING WEATHER WAS RECORDED YESTERDAY.
  THUNDERSTORM
  RAIN
  LIGHT RAIN
  FOG


RELATIVE HUMIDITY (PERCENT)
 HIGHEST    76           800 PM
 LOWEST     29          1200 PM
 AVERAGE    53

..........................................................


THE CHEYENNE WYOMING AIRPORT CLIMATE NORMALS FOR TODAY
                         NORMAL    RECORD    YEAR
 MAXIMUM TEMPERATURE (F)   58        82      1981
 MINIMUM TEMPERATURE (F)   34        12      1924


SUNRISE AND SUNSET
APRIL 26 2015.........SUNRISE   604 AM MDT   SUNSET   751 PM MDT
APRIL 27 2015.........SUNRISE   603 AM MDT   SUNSET   752 PM MDT


-  INDICATES NEGATIVE NUMBERS.
R  INDICATES RECORD WAS SET OR TIED.
MM INDICATES DATA IS MISSING.
T  INDICATES TRACE AMOUNT.




$$
