000
CDUS42 KMLB 070635
CLIDAB


CLIMATE REPORT
NATIONAL WEATHER SERVICE MELBOURNE FL
235 AM EDT THU MAY 7 2015


...................................

...THE DAYTONA BEACH CLIMATE SUMMARY FOR MAY 6 2015...

CLIMATE NORMAL PERIOD 1981 TO 2010
CLIMATE RECORD PERIOD 1923 TO 2015


WEATHER ITEM   OBSERVED TIME   RECORD YEAR NORMAL DEPARTURE LAST
                VALUE   (LST)  VALUE       VALUE  FROM      YEAR
                                                  NORMAL
..................................................................
TEMPERATURE (F)
 YESTERDAY
  MAXIMUM         80    252 PM  95    1955  83     -3       85
  MINIMUM         67   1159 PM  42    1940  63      4       61
  AVERAGE         74                        73      1       73

PRECIPITATION (IN)
  YESTERDAY        0.28          1.00 1929   0.07   0.21     0.00
  MONTH TO DATE    0.39                      0.36   0.03     1.54
  SINCE MAR 1      6.68                      6.78  -0.10    10.60
  SINCE JAN 1     12.11                     12.30  -0.19    17.18

SNOWFALL (IN)
  YESTERDAY        0.0
  MONTH TO DATE    0.0
  SINCE JUL 1      0.0

DEGREE DAYS
 HEATING
  YESTERDAY        0                         0      0        0
  MONTH TO DATE    0                         0      0        0
  SINCE MAR 1     35                       125    -90       89
  SINCE JUL 1    682                       807   -125      602

 COOLING
  YESTERDAY        9                         8      1        8
  MONTH TO DATE   35                        45    -10       42
  SINCE MAR 1    540                       267    273      293
  SINCE JAN 1    580                       332    248      377
..................................................................


WIND (MPH)
  HIGHEST WIND SPEED    18   HIGHEST WIND DIRECTION     N (20)
  HIGHEST GUST SPEED    23   HIGHEST GUST DIRECTION     N (20)
  AVERAGE WIND SPEED     8.6


SKY COVER
  AVERAGE SKY COVER 0.7


WEATHER CONDITIONS
 THE FOLLOWING WEATHER WAS RECORDED YESTERDAY.
  THUNDERSTORM
  LIGHT RAIN
  FOG


RELATIVE HUMIDITY (PERCENT)
 HIGHEST   100           400 AM
 LOWEST     62           200 PM
 AVERAGE    81

..........................................................


THE DAYTONA BEACH CLIMATE NORMALS FOR TODAY
                         NORMAL    RECORD    YEAR
 MAXIMUM TEMPERATURE (F)   83        93      1952
 MINIMUM TEMPERATURE (F)   63        45      1940


SUNRISE AND SUNSET
MAY  7 2015...........SUNRISE   638 AM EDT   SUNSET   804 PM EDT
MAY  8 2015...........SUNRISE   637 AM EDT   SUNSET   805 PM EDT


-  INDICATES NEGATIVE NUMBERS.
R  INDICATES RECORD WAS SET OR TIED.
MM INDICATES DATA IS MISSING.
T  INDICATES TRACE AMOUNT.




$$
