000
CDUS41 KILN 180537
CLIDAY


CLIMATE REPORT
NATIONAL WEATHER SERVICE WILMINGTON OH
137 AM EDT SAT APR 18 2015


...................................

...THE DAYTON OH CLIMATE SUMMARY FOR APRIL 17 2015...

CLIMATE NORMAL PERIOD 1981 TO 2010
CLIMATE RECORD PERIOD 1869 TO 2015


WEATHER ITEM   OBSERVED TIME   RECORD YEAR NORMAL DEPARTURE LAST
                VALUE   (LST)  VALUE       VALUE  FROM      YEAR
                                                  NORMAL
..................................................................
TEMPERATURE (F)
 YESTERDAY
  MAXIMUM         76    406 PM  88    1896  63     13       67
  MINIMUM         53    626 AM  22    1904  42     11       33
  AVERAGE         65                        52     13       50

PRECIPITATION (IN)
  YESTERDAY        0.00          1.17 1912   0.14  -0.14     0.00
  MONTH TO DATE    3.49                      2.24   1.25     3.94
  SINCE MAR 1      7.40                      5.58   1.82     6.56
  SINCE JAN 1     11.76                     10.53   1.23    11.54

SNOWFALL (IN)
  YESTERDAY        0.0           1.4  1961   0.0    0.0      0.0
  MONTH TO DATE    0.0                       0.5   -0.5      1.1
  SINCE MAR 1      5.7                       3.9    1.8      8.2
  SINCE JUL 1     27.7                      23.2    4.5     53.6
  SNOW DEPTH       0

DEGREE DAYS
 HEATING
  YESTERDAY        0                        13    -13       15
  MONTH TO DATE  150                       270   -120      229
  SINCE MAR 1    957                      1034    -77     1106
  SINCE JUL 1   5520                      5309    211     5705

 COOLING
  YESTERDAY        0                         0      0        0
  MONTH TO DATE    4                         0      4        8
  SINCE MAR 1      4                         0      4        8
  SINCE JAN 1      4                         0      4        8
..................................................................


WIND (MPH)
  RESULTANT WIND SPEED   4   RESULTANT WIND DIRECTION   N (340)
  HIGHEST WIND SPEED    16   HIGHEST WIND DIRECTION     N (350)
  HIGHEST GUST SPEED    21   HIGHEST GUST DIRECTION     N (360)
  AVERAGE WIND SPEED     5.2



WEATHER CONDITIONS
 THE FOLLOWING WEATHER WAS RECORDED YESTERDAY.
  FOG
  FOG W/VISIBILITY <= 1/4 MILE
  HAZE


RELATIVE HUMIDITY (PERCENT)
 HIGHEST   100           700 AM
 LOWEST     25           400 PM
 AVERAGE    63

..........................................................


THE DAYTON OH CLIMATE NORMALS FOR TODAY
                         NORMAL    RECORD    YEAR
 MAXIMUM TEMPERATURE (F)   63        88      1896
 MINIMUM TEMPERATURE (F)   42        25      1983


SUNRISE AND SUNSET
APRIL 18 2015.........SUNRISE   655 AM EDT   SUNSET   818 PM EDT
APRIL 19 2015.........SUNRISE   654 AM EDT   SUNSET   819 PM EDT


-  INDICATES NEGATIVE NUMBERS.
R  INDICATES RECORD WAS SET OR TIED.
MM INDICATES DATA IS MISSING.
T  INDICATES TRACE AMOUNT.




$$
