000
CDUS43 KDVN 270908
CLIDBQ


CLIMATE REPORT
NATIONAL WEATHER SERVICE QUAD CITIES IA IL
407 AM CDT MON APR 27 2015


...................................

...THE DUBUQUE IA CLIMATE SUMMARY FOR APRIL 26 2015...

CLIMATE NORMAL PERIOD 1981 TO 2010
CLIMATE RECORD PERIOD 1873 TO 2015


WEATHER ITEM   OBSERVED TIME   RECORD YEAR NORMAL DEPARTURE LAST
                VALUE   (LST)  VALUE       VALUE  FROM      YEAR
                                                  NORMAL
..................................................................
TEMPERATURE (F)
 YESTERDAY
  MAXIMUM         60    352 PM  83    1990  63     -3       62
                                      1962
  MINIMUM         33    527 AM  28    1956  42     -9       41
  AVERAGE         47                        52     -5       52

PRECIPITATION (IN)
  YESTERDAY        0.00          1.35 1954   0.14  -0.14     0.00
  MONTH TO DATE    1.90                      3.12  -1.22     4.28
  SINCE MAR 1      2.70                      5.53  -2.83     5.42
  SINCE JAN 1      4.99                      8.14  -3.15     7.90

SNOWFALL (IN)
  YESTERDAY        0.0          MM      MM   0.0    0.0      0.0
  MONTH TO DATE    0.0                       1.9   -1.9      0.7
  SINCE MAR 1      4.1                       8.2   -4.1     11.6
  SINCE JUL 1     33.7                      41.8   -8.1     63.3
  SNOW DEPTH       0

DEGREE DAYS
 HEATING
  YESTERDAY       18                        13      5       13
  MONTH TO DATE  392                       461    -69      487
  SINCE MAR 1   1304                      1379    -75     1646
  SINCE JUL 1   7152                      6772    380     8022

 COOLING
  YESTERDAY        0                         0      0        0
  MONTH TO DATE    0                         0      0        0
  SINCE MAR 1      0                         0      0        0
  SINCE JAN 1      0                         0      0        0
..................................................................


WIND (MPH)
  HIGHEST WIND SPEED    15   HIGHEST WIND DIRECTION    NE (40)
  HIGHEST GUST SPEED    18   HIGHEST GUST DIRECTION    NE (40)
  AVERAGE WIND SPEED     7.2


SKY COVER
  POSSIBLE SUNSHINE  MM
  AVERAGE SKY COVER 0.0


WEATHER CONDITIONS
 THE FOLLOWING WEATHER WAS RECORDED YESTERDAY.
  NO SIGNIFICANT WEATHER WAS OBSERVED.


RELATIVE HUMIDITY (PERCENT)
 HIGHEST    70           100 AM
 LOWEST     30           200 PM
 AVERAGE    50

..........................................................


THE DUBUQUE IA CLIMATE NORMALS FOR TODAY
                         NORMAL    RECORD    YEAR
 MAXIMUM TEMPERATURE (F)   63        82      1981
                                             1977
                                             1962
 MINIMUM TEMPERATURE (F)   42        28      1958


SUNRISE AND SUNSET
APRIL 27 2015.........SUNRISE   604 AM CDT   SUNSET   758 PM CDT
APRIL 28 2015.........SUNRISE   602 AM CDT   SUNSET   759 PM CDT


-  INDICATES NEGATIVE NUMBERS.
R  INDICATES RECORD WAS SET OR TIED.
MM INDICATES DATA IS MISSING.
T  INDICATES TRACE AMOUNT.




$$
