000
CDUS46 KOTX 170837
CLIDEW


CLIMATE REPORT
NATIONAL WEATHER SERVICE SPOKANE, WA
137 AM PDT FRI APR 17 2015


...................................

...THE DEER_PARK WA AIRPORT CLIMATE SUMMARY FOR APRIL 16 2015...

CLIMATE NORMAL PERIOD 1981 TO 2010
CLIMATE RECORD PERIOD 9999 TO 9999


WEATHER ITEM   OBSERVED TIME   RECORD YEAR NORMAL DEPARTURE LAST
                VALUE   (LST)  VALUE       VALUE  FROM      YEAR
                                                  NORMAL
..................................................................
TEMPERATURE (F)
 YESTERDAY
  MAXIMUM         62    446 PM  MM      MM  58      4       47
  MINIMUM         24    519 AM  MM      MM  32     -8       30
  AVERAGE         43                        45     -2       39

PRECIPITATION (IN)
  YESTERDAY        0.00         MM      MM   0.05  -0.05     0.16
  MONTH TO DATE    0.77                      0.98  -0.21     0.35
  SINCE OCT 1     13.61                     15.12  -1.51    12.03
  SINCE JAN 1      7.22                      7.30  -0.08     8.23

SNOWFALL (IN)
  YESTERDAY       MM

DEGREE DAYS
 HEATING
  YESTERDAY       22                        20      2       26
  MONTH TO DATE  380                       344     36      331
  SINCE MAR 1   1068                      1186   -118     1189
  SINCE JUL 1   5637                      6551   -914     6583

 COOLING
  YESTERDAY        0                         0      0        0
  MONTH TO DATE    0                         0      0        0
  SINCE MAR 1      0                         0      0        0
  SINCE JAN 1      0                         0      0        0
..................................................................


WIND (MPH)
  HIGHEST WIND SPEED    10   HIGHEST WIND DIRECTION     S (200)
  HIGHEST GUST SPEED    17   HIGHEST GUST DIRECTION     S (170)
  AVERAGE WIND SPEED     1.9


SKY COVER
  POSSIBLE SUNSHINE  MM
  AVERAGE SKY COVER 0.0


WEATHER CONDITIONS
 THE FOLLOWING WEATHER WAS RECORDED YESTERDAY.
  NO SIGNIFICANT WEATHER WAS OBSERVED.


RELATIVE HUMIDITY (PERCENT)
 HIGHEST    92           500 AM
 LOWEST     27           200 PM
 AVERAGE    60

..........................................................


THE DEER_PARK WA AIRPORT CLIMATE NORMALS FOR TODAY
                         NORMAL    RECORD    YEAR
 MAXIMUM TEMPERATURE (F)   58        MM        MM
 MINIMUM TEMPERATURE (F)   32        MM        MM


SUNRISE AND SUNSET
APRIL 17 2015.........SUNRISE   557 AM PDT   SUNSET   743 PM PDT
APRIL 18 2015.........SUNRISE   555 AM PDT   SUNSET   744 PM PDT


-  INDICATES NEGATIVE NUMBERS.
R  INDICATES RECORD WAS SET OR TIED.
MM INDICATES DATA IS MISSING.
T  INDICATES TRACE AMOUNT.




$$
