000
CDUS45 KEPZ 060934
CLIDMN


CLIMATE REPORT
NATIONAL WEATHER SERVICE EL PASO, TX
333 AM MDT WED MAY 6 2015


...................................

...THE DEMING CLIMATE SUMMARY FOR MAY 5 2015...

CLIMATE NORMAL PERIOD 1981 TO 2010
CLIMATE RECORD PERIOD 2000 TO 2015


WEATHER ITEM   OBSERVED TIME   NORMAL DEPARTURE LAST
                VALUE   (LST)  VALUE  FROM      YEAR
                                      NORMAL
......................................................
TEMPERATURE (F)
 YESTERDAY
  MAXIMUM         76    335 PM  84              87
  MINIMUM         46    534 AM  48              49
  AVERAGE         61            66     -5       68

PRECIPITATION (IN)
  YESTERDAY        0.00          0.03  -0.03     0.00
  MONTH TO DATE    0.01          0.15  -0.14      T
  SINCE MAR 1      0.98          0.93   0.05     0.57
  SINCE JAN 1      2.45          2.13   0.32     0.57

......................................................


WIND (MPH)
  HIGHEST WIND SPEED    26   HIGHEST WIND DIRECTION     W (280)
  HIGHEST GUST SPEED    36   HIGHEST GUST DIRECTION    SW (240)
  AVERAGE WIND SPEED    12.4


SKY COVER
  AVERAGE SKY COVER 0.1


WEATHER CONDITIONS
 THE FOLLOWING WEATHER WAS RECORDED YESTERDAY.
  NO SIGNIFICANT WEATHER WAS OBSERVED.


RELATIVE HUMIDITY (PERCENT)
 HIGHEST    77           400 AM
 LOWEST     21           200 PM
 AVERAGE    49

..........................................................


THE DEMING CLIMATE NORMALS FOR TODAY
                         NORMAL
 MAXIMUM TEMPERATURE (F)   84
 MINIMUM TEMPERATURE (F)   48


SUNRISE AND SUNSET
MAY  6 2015...........SUNRISE   620 AM MDT   SUNSET   755 PM MDT
MAY  7 2015...........SUNRISE   619 AM MDT   SUNSET   756 PM MDT


-  INDICATES NEGATIVE NUMBERS.
R  INDICATES RECORD WAS SET OR TIED.
MM INDICATES DATA IS MISSING.
T  INDICATES TRACE AMOUNT.




$$
