000
CDUS43 KEAX 250036
CLIDMO


CLIMATE REPORT
NATIONAL WEATHER SERVICE KANSAS CITY/PLEASANT HILL MO
736 PM CDT FRI APR 24 2015


...................................

...THE SEDALIA MO CLIMATE SUMMARY FOR APRIL 24 2015...
VALID TODAY AS OF 0700 PM LOCAL TIME.

CLIMATE NORMAL PERIOD 1981 TO 2010
CLIMATE RECORD PERIOD 9999 TO 9999


WEATHER ITEM   OBSERVED TIME   NORMAL DEPARTURE LAST
                VALUE   (LST)  VALUE  FROM      YEAR
                                      NORMAL
......................................................
TEMPERATURE (F)
 TODAY
  MAXIMUM         65   1006 AM  70     -5       74
  MINIMUM         52    200 AM  49      3       52
  AVERAGE         59            59      0       63

PRECIPITATION (IN)
  TODAY            0.02          0.17  -0.15     0.61
  MONTH TO DATE    3.68          3.11   0.57     6.06
  SINCE MAR 1      4.81          5.72  -0.91     6.99
  SINCE JAN 1      6.89          9.32  -2.43     7.93

DEGREE DAYS
 HEATING
  TODAY            6             7     -1        2
  MONTH TO DATE  153           244    -91      249
  SINCE MAR 1    693           829   -136      943
  SINCE JUL 1   4541          4446     95     5162

 COOLING
  TODAY            0             1     -1        0
  MONTH TO DATE   16            23     -7       10
  SINCE MAR 1     17            26     -9       10
  SINCE JAN 1     17            26     -9       10
......................................................


WIND (MPH)
  HIGHEST WIND SPEED    25   HIGHEST WIND DIRECTION     S (170)
  HIGHEST GUST SPEED    33   HIGHEST GUST DIRECTION     S (160)
  AVERAGE WIND SPEED    13.0


SKY COVER
  AVERAGE SKY COVER 0.7


WEATHER CONDITIONS
 THE FOLLOWING WEATHER WAS RECORDED TODAY.
  NO SIGNIFICANT WEATHER WAS OBSERVED.


RELATIVE HUMIDITY (PERCENT)
 HIGHEST    77          1200 PM
 LOWEST     42           800 AM
 AVERAGE    60

..........................................................


THE SEDALIA MO CLIMATE NORMALS FOR TOMORROW
                         NORMAL
 MAXIMUM TEMPERATURE (F)   70
 MINIMUM TEMPERATURE (F)   49


SUNRISE AND SUNSET
APRIL 24 2015.........SUNRISE   624 AM CDT   SUNSET   758 PM CDT
APRIL 25 2015.........SUNRISE   623 AM CDT   SUNSET   759 PM CDT


-  INDICATES NEGATIVE NUMBERS.
R  INDICATES RECORD WAS SET OR TIED.
MM INDICATES DATA IS MISSING.
T  INDICATES TRACE AMOUNT.




$$
