000
CDUS42 KCAE 180655
CLIDNL


CLIMATE REPORT
NATIONAL WEATHER SERVICE COLUMBIA SC
255 AM EDT SAT APR 18 2015


...................................

...THE AUGUSTA DANIEL FIELD GA CLIMATE SUMMARY FOR APRIL 17 2015...

CLIMATE NORMAL PERIOD 1981 TO 2010
CLIMATE RECORD PERIOD 9999 TO 9999


WEATHER ITEM   OBSERVED TIME   NORMAL DEPARTURE LAST
                VALUE   (LST)  VALUE  FROM      YEAR
                                      NORMAL
......................................................
TEMPERATURE (F)
 YESTERDAY
  MAXIMUM         70    219 PM  76     -6       70
  MINIMUM         55    124 AM  53      2       43
  AVERAGE         63            64     -1       57

PRECIPITATION (IN)
  YESTERDAY        0.56          0.08   0.48     0.00
  MONTH TO DATE    1.48          2.06  -0.58     2.18
  SINCE MAR 1      4.07          6.37  -2.30     4.86
  SINCE JAN 1      9.00         14.61  -5.61    11.15

DEGREE DAYS
 HEATING
  YESTERDAY        2             3     -1        8
  MONTH TO DATE   15            70    -55       45
  SINCE MAR 1    173           320   -147      365
  SINCE JUL 1   2028          2133   -105     2201

 COOLING
  YESTERDAY        0             2     -2        0
  MONTH TO DATE  112            30     82       58
  SINCE MAR 1    155            52    103       63
  SINCE JAN 1    155            56     99       71
......................................................


WIND (MPH)
  HIGHEST WIND SPEED     9   HIGHEST WIND DIRECTION     N (360)
  HIGHEST GUST SPEED    13   HIGHEST GUST DIRECTION     N (350)
  AVERAGE WIND SPEED     3.2


SKY COVER
  AVERAGE SKY COVER 1.0


WEATHER CONDITIONS
 THE FOLLOWING WEATHER WAS RECORDED YESTERDAY.
  HEAVY RAIN
  RAIN
  LIGHT RAIN
  FOG


RELATIVE HUMIDITY (PERCENT)
 HIGHEST    93          1200 AM
 LOWEST     73           200 PM

..........................................................


THE AUGUSTA DANIEL FIELD GA CLIMATE NORMALS FOR TODAY
                         NORMAL    RECORD    YEAR
 MAXIMUM TEMPERATURE (F)   76        MM        MM
 MINIMUM TEMPERATURE (F)   54        MM        MM


SUNRISE AND SUNSET
APRIL 18 2015.........SUNRISE   655 AM EDT   SUNSET   801 PM EDT
APRIL 19 2015.........SUNRISE   653 AM EDT   SUNSET   802 PM EDT


-  INDICATES NEGATIVE NUMBERS.
R  INDICATES RECORD WAS SET OR TIED.
MM INDICATES DATA IS MISSING.
T  INDICATES TRACE AMOUNT.




$$
