000
CDUS42 KAKQ 270538
CLIECG


CLIMATE REPORT
NATIONAL WEATHER SERVICE WAKEFIELD, VA
137 AM EDT MON APR 27 2015


...................................

...THE ELIZABETH CITY NC CLIMATE SUMMARY FOR APRIL 26 2015...

CLIMATE NORMAL PERIOD 1981 TO 2010
CLIMATE RECORD PERIOD 1934 TO 2015


WEATHER ITEM   OBSERVED TIME   RECORD YEAR NORMAL DEPARTURE LAST
                VALUE   (LST)  VALUE       VALUE  FROM      YEAR
                                                  NORMAL
..................................................................
TEMPERATURE (F)
 YESTERDAY
  MAXIMUM         57    519 PM  93    1990  72    -15       72
  MINIMUM         44   1159 PM  38    2001  51     -7       56
  AVERAGE         51                        61    -10       64

PRECIPITATION (IN)
  YESTERDAY        T             2.50 1937   0.10  -0.10     0.00
  MONTH TO DATE    3.61                      2.76   0.85     3.60
  SINCE MAR 1      6.58                      6.74  -0.16     6.01
  SINCE JAN 1     13.38                     13.18   0.20    10.15

SNOWFALL (IN)
  YESTERDAY        0.0           0.0  2002  MM     MM
  MONTH TO DATE    0.0                      MM     MM
  SINCE NOV 1      T                        MM     MM
  SINCE JUL 1      T                        MM     MM
  SNOW DEPTH       0

DEGREE DAYS
 HEATING
  YESTERDAY       14                         5      9        1
  MONTH TO DATE  158                       204    -46      171
  SINCE MAR 1    640                       669    -29      719
  SINCE JUL 1   3174                      3141     33     3294

 COOLING
  YESTERDAY        0                         2     -2        0
  MONTH TO DATE   28                        29     -1       22
  SINCE MAR 1     33                        34     -1       22
  SINCE JAN 1     35                        36     -1       22
..................................................................


WIND (MPH)
  HIGHEST WIND SPEED    20   HIGHEST WIND DIRECTION    NE (40)
  HIGHEST GUST SPEED    25   HIGHEST GUST DIRECTION    NE (40)
  AVERAGE WIND SPEED    11.1


SKY COVER
  POSSIBLE SUNSHINE  MM
  AVERAGE SKY COVER 0.7


WEATHER CONDITIONS
 THE FOLLOWING WEATHER WAS RECORDED YESTERDAY.
  LIGHT RAIN
  FOG


RELATIVE HUMIDITY (PERCENT)
 HIGHEST   100           200 AM
 LOWEST     54           700 PM
 AVERAGE    77

..........................................................


THE ELIZABETH CITY NC CLIMATE NORMALS FOR TODAY
                         NORMAL    RECORD    YEAR
 MAXIMUM TEMPERATURE (F)   72        93      1990
 MINIMUM TEMPERATURE (F)   51        35      1972


SUNRISE AND SUNSET
APRIL 27 2015.........SUNRISE   617 AM EDT   SUNSET   749 PM EDT
APRIL 28 2015.........SUNRISE   615 AM EDT   SUNSET   750 PM EDT


-  INDICATES NEGATIVE NUMBERS.
R  INDICATES RECORD WAS SET OR TIED.
MM INDICATES DATA IS MISSING.
T  INDICATES TRACE AMOUNT.




$$
